Last updated on 2023-02-08 07:54:46 CET.
Flavor | Version | Tinstall | Tcheck | Ttotal | Status | Flags |
---|---|---|---|---|---|---|
r-devel-linux-x86_64-debian-clang | 1.7.6 | 7.97 | 132.38 | 140.35 | OK | |
r-devel-linux-x86_64-debian-gcc | 1.7.6 | 5.54 | 93.86 | 99.40 | OK | |
r-devel-linux-x86_64-fedora-clang | 1.7.6 | 163.18 | NOTE | |||
r-devel-linux-x86_64-fedora-gcc | 1.7.6 | 165.27 | OK | |||
r-devel-windows-x86_64 | 1.7.6 | 64.00 | 185.00 | 249.00 | OK | |
r-patched-linux-x86_64 | 1.7.6 | 10.82 | 114.92 | 125.74 | OK | |
r-release-linux-x86_64 | 1.7.6 | 5.96 | 106.92 | 112.88 | OK | |
r-release-macos-arm64 | 1.7.6 | 55.00 | OK | |||
r-release-macos-x86_64 | 1.7.6 | 64.00 | OK | |||
r-release-windows-x86_64 | 1.7.6 | 49.00 | 168.00 | 217.00 | OK | |
r-oldrel-macos-arm64 | 1.7.6 | 61.00 | OK | |||
r-oldrel-macos-x86_64 | 1.7.6 | 73.00 | OK | |||
r-oldrel-windows-ix86+x86_64 | 1.7.6 | 16.00 | 163.00 | 179.00 | OK |
Version: 1.7.6
Check: Rd cross-references
Result: NOTE
Undeclared packages ‘fastDummies’, ‘widyr’, ‘pacman’, ‘sjmisc’ in Rd xrefs
Flavor: r-devel-linux-x86_64-fedora-clang