Last updated on 2023-09-21 07:55:09 CEST.
Flavor | Version | Tinstall | Tcheck | Ttotal | Status | Flags |
---|---|---|---|---|---|---|
r-devel-linux-x86_64-debian-clang | 0.1.2 | 2.50 | 41.22 | 43.72 | OK | |
r-devel-linux-x86_64-debian-gcc | 0.1.2 | 1.86 | 31.60 | 33.46 | OK | |
r-devel-linux-x86_64-fedora-clang | 0.1.2 | 54.74 | NOTE | |||
r-devel-linux-x86_64-fedora-gcc | 0.1.2 | 64.11 | NOTE | |||
r-devel-windows-x86_64 | 0.1.2 | 4.00 | 55.00 | 59.00 | OK | |
r-patched-linux-x86_64 | 0.1.2 | 2.50 | 39.41 | 41.91 | OK | |
r-release-linux-x86_64 | 0.1.2 | 2.34 | 40.51 | 42.85 | OK | |
r-release-macos-arm64 | 0.1.2 | 27.00 | OK | |||
r-release-macos-x86_64 | 0.1.2 | 37.00 | OK | |||
r-release-windows-x86_64 | 0.1.2 | 4.00 | 58.00 | 62.00 | OK | |
r-oldrel-macos-arm64 | 0.1.2 | 24.00 | NOTE | |||
r-oldrel-macos-x86_64 | 0.1.2 | 43.00 | NOTE | |||
r-oldrel-windows-x86_64 | 0.1.2 | 4.00 | 59.00 | 63.00 | OK |
Version: 0.1.2
Check: dependencies in R code
Result: NOTE
Namespace in Imports field not imported from: ‘tidyr’
All declared Imports should be used.
Flavors: r-devel-linux-x86_64-fedora-clang, r-devel-linux-x86_64-fedora-gcc, r-oldrel-macos-arm64, r-oldrel-macos-x86_64