Last updated on 2023-02-06 06:52:12 CET.
Flavor | Version | Tinstall | Tcheck | Ttotal | Status | Flags |
---|---|---|---|---|---|---|
r-devel-linux-x86_64-debian-clang | 0.1.2 | 2.19 | 42.30 | 44.49 | OK | |
r-devel-linux-x86_64-debian-gcc | 0.1.2 | 1.65 | 32.15 | 33.80 | OK | |
r-devel-linux-x86_64-fedora-clang | 0.1.2 | 55.51 | NOTE | |||
r-devel-linux-x86_64-fedora-gcc | 0.1.2 | 66.89 | NOTE | |||
r-devel-windows-x86_64 | 0.1.2 | 11.00 | 77.00 | 88.00 | OK | |
r-patched-linux-x86_64 | 0.1.2 | 1.44 | 41.84 | 43.28 | OK | |
r-release-linux-x86_64 | 0.1.2 | 2.13 | 43.91 | 46.04 | OK | |
r-release-macos-arm64 | 0.1.2 | 24.00 | NOTE | |||
r-release-macos-x86_64 | 0.1.2 | 43.00 | NOTE | |||
r-release-windows-x86_64 | 0.1.2 | 9.00 | 79.00 | 88.00 | OK | |
r-oldrel-macos-arm64 | 0.1.2 | 38.00 | NOTE | |||
r-oldrel-macos-x86_64 | 0.1.2 | 33.00 | NOTE | |||
r-oldrel-windows-ix86+x86_64 | 0.1.2 | 8.00 | 75.00 | 83.00 | OK |
Version: 0.1.2
Check: dependencies in R code
Result: NOTE
Namespace in Imports field not imported from: ‘tidyr’
All declared Imports should be used.
Flavors: r-devel-linux-x86_64-fedora-clang, r-devel-linux-x86_64-fedora-gcc, r-release-macos-arm64, r-release-macos-x86_64, r-oldrel-macos-arm64, r-oldrel-macos-x86_64