CRAN Package Check Results for Package tibblify

Last updated on 2024-02-23 07:52:23 CET.

Flavor Version Tinstall Tcheck Ttotal Status Flags
r-devel-linux-x86_64-debian-clang 0.3.1 OK
r-devel-linux-x86_64-debian-gcc 0.3.1 13.53 80.64 94.17 OK
r-devel-linux-x86_64-fedora-clang 0.3.1 151.17 NOTE
r-devel-linux-x86_64-fedora-gcc 0.3.1 157.36 NOTE
r-devel-windows-x86_64 0.3.1 24.00 104.00 128.00 OK
r-patched-linux-x86_64 0.3.1 18.12 106.21 124.33 OK
r-release-linux-x86_64 0.3.1 15.49 107.30 122.79 OK
r-release-macos-arm64 0.3.1 56.00 OK
r-release-macos-x86_64 0.3.1 97.00 OK
r-release-windows-x86_64 0.3.1 27.00 125.00 152.00 OK
r-oldrel-macos-arm64 0.3.1 52.00 OK
r-oldrel-windows-x86_64 0.3.1 28.00 125.00 153.00 OK

Check Details

Version: 0.3.1
Check: dependencies in R code
Result: NOTE Namespace in Imports field not imported from: ‘lifecycle’ All declared Imports should be used. Flavors: r-devel-linux-x86_64-fedora-clang, r-devel-linux-x86_64-fedora-gcc