CRAN Package Check Results for Package tibble

Last updated on 2022-12-02 07:53:36 CET.

Flavor Version Tinstall Tcheck Ttotal Status Flags
r-devel-linux-x86_64-debian-clang 3.1.8 10.53 203.81 214.34 OK
r-devel-linux-x86_64-debian-gcc 3.1.8 7.25 150.43 157.68 OK
r-devel-linux-x86_64-fedora-clang 3.1.8 268.50 OK
r-devel-linux-x86_64-fedora-gcc 3.1.8 289.18 OK
r-devel-windows-x86_64 3.1.8 113.00 203.00 316.00 OK
r-patched-linux-x86_64 3.1.8 13.74 188.12 201.86 OK
r-release-linux-x86_64 3.1.8 7.44 187.15 194.59 OK
r-release-macos-arm64 3.1.8 59.00 OK
r-release-macos-x86_64 3.1.8 77.00 OK
r-release-windows-x86_64 3.1.8 98.00 218.00 316.00 OK
r-oldrel-macos-arm64 3.1.8 56.00 OK
r-oldrel-macos-x86_64 3.1.8 82.00 OK
r-oldrel-windows-ix86+x86_64 3.1.8 2.00 20.00 22.00 ERROR

Check Details

Version: 3.1.8
Check: whether package can be installed
Result: ERROR
    Installation failed.
Flavor: r-oldrel-windows-ix86+x86_64