CRAN Package Check Results for Package thorn

Last updated on 2023-02-03 06:50:36 CET.

Flavor Version Tinstall Tcheck Ttotal Status Flags
r-devel-linux-x86_64-debian-clang 0.2.0 1.91 27.40 29.31 NOTE
r-devel-linux-x86_64-debian-gcc 0.2.0 2.34 21.26 23.60 NOTE
r-devel-linux-x86_64-fedora-clang 0.2.0 38.35 NOTE
r-devel-linux-x86_64-fedora-gcc 0.2.0 36.57 NOTE
r-patched-linux-x86_64 0.2.0 3.10 27.31 30.41 NOTE
r-release-linux-x86_64 0.2.0 2.10 27.65 29.75 NOTE
r-release-macos-arm64 0.2.0 17.00 NOTE
r-release-macos-x86_64 0.2.0 22.00 NOTE
r-release-windows-x86_64 0.2.0 11.00 59.00 70.00 NOTE
r-oldrel-macos-arm64 0.2.0 20.00 NOTE
r-oldrel-macos-x86_64 0.2.0 26.00 NOTE
r-oldrel-windows-ix86+x86_64 0.2.0 8.00 51.00 59.00 NOTE

Check Details

Version: 0.2.0
Check: LazyData
Result: NOTE
     'LazyData' is specified without a 'data' directory
Flavors: r-devel-linux-x86_64-debian-clang, r-devel-linux-x86_64-debian-gcc, r-devel-linux-x86_64-fedora-clang, r-devel-linux-x86_64-fedora-gcc, r-patched-linux-x86_64, r-release-linux-x86_64, r-release-macos-arm64, r-release-macos-x86_64, r-release-windows-x86_64, r-oldrel-macos-arm64, r-oldrel-macos-x86_64, r-oldrel-windows-ix86+x86_64