CRAN Package Check Results for Package thorn

Last updated on 2023-10-04 07:03:19 CEST.

Flavor Version Tinstall Tcheck Ttotal Status Flags
r-devel-linux-x86_64-debian-clang 0.2.0 2.52 27.34 29.86 NOTE
r-devel-linux-x86_64-debian-gcc 0.2.0 2.42 21.75 24.17 NOTE
r-devel-linux-x86_64-fedora-clang 0.2.0 37.81 NOTE
r-devel-linux-x86_64-fedora-gcc 0.2.0 37.25 NOTE
r-devel-windows-x86_64 0.2.0 5.00 44.00 49.00 NOTE
r-patched-linux-x86_64 0.2.0 1.76 27.24 29.00 NOTE
r-release-linux-x86_64 0.2.0 1.95 27.43 29.38 NOTE
r-release-macos-arm64 0.2.0 17.00 NOTE
r-release-macos-x86_64 0.2.0 24.00 NOTE
r-release-windows-x86_64 0.2.0 5.00 44.00 49.00 NOTE
r-oldrel-macos-arm64 0.2.0 17.00 NOTE
r-oldrel-macos-x86_64 0.2.0 22.00 NOTE
r-oldrel-windows-x86_64 0.2.0 5.00 48.00 53.00 NOTE

Check Details

Version: 0.2.0
Check: LazyData
Result: NOTE
     'LazyData' is specified without a 'data' directory
Flavors: r-devel-linux-x86_64-debian-clang, r-devel-linux-x86_64-debian-gcc, r-devel-linux-x86_64-fedora-clang, r-devel-linux-x86_64-fedora-gcc, r-devel-windows-x86_64, r-patched-linux-x86_64, r-release-linux-x86_64, r-release-macos-arm64, r-release-macos-x86_64, r-release-windows-x86_64, r-oldrel-macos-arm64, r-oldrel-macos-x86_64, r-oldrel-windows-x86_64