CRAN Package Check Results for Package thor

Last updated on 2023-02-05 07:57:38 CET.

Flavor Version Tinstall Tcheck Ttotal Status Flags
r-devel-linux-x86_64-debian-clang 1.1.2 9.96 41.68 51.64 WARN
r-devel-linux-x86_64-debian-gcc 1.1.2 9.03 31.70 40.73 WARN
r-devel-linux-x86_64-fedora-clang 1.1.2 66.38 WARN
r-devel-linux-x86_64-fedora-gcc 1.1.2 77.91 WARN
r-devel-windows-x86_64 1.1.2 37.00 84.00 121.00 WARN
r-patched-linux-x86_64 1.1.2 10.42 38.16 48.58 NOTE
r-release-linux-x86_64 1.1.2 10.58 39.67 50.25 NOTE
r-release-macos-arm64 1.1.2 25.00 NOTE
r-release-macos-x86_64 1.1.2 33.00 NOTE
r-release-windows-x86_64 1.1.2 35.00 79.00 114.00 WARN
r-oldrel-macos-arm64 1.1.2 28.00 NOTE
r-oldrel-macos-x86_64 1.1.2 44.00 NOTE
r-oldrel-windows-ix86+x86_64 1.1.2 30.00 86.00 116.00 NOTE

Check Details

Version: 1.1.2
Check: whether package can be installed
Result: WARN
    Found the following significant warnings:
     ./thor.h:18:15: warning: a function declaration without a prototype is deprecated in all versions of C [-Wstrict-prototypes]
     ./thor.h:21:19: warning: a function declaration without a prototype is deprecated in all versions of C [-Wstrict-prototypes]
     ./thor.h:23:22: warning: a function declaration without a prototype is deprecated in all versions of C [-Wstrict-prototypes]
     ./thor.h:106:21: warning: a function declaration without a prototype is deprecated in all versions of C [-Wstrict-prototypes]
     thor.c:9:15: warning: a function declaration without a prototype is deprecated in all versions of C [-Wstrict-prototypes]
     thor.c:23:19: warning: a function declaration without a prototype is deprecated in all versions of C [-Wstrict-prototypes]
     thor.c:35:22: warning: a function declaration without a prototype is deprecated in all versions of C [-Wstrict-prototypes]
     thor.c:748:21: warning: a function declaration without a prototype is deprecated in all versions of C [-Wstrict-prototypes]
    See ‘/home/hornik/tmp/R.check/r-devel-clang/Work/PKGS/thor.Rcheck/00install.out’ for details.
    * used C compiler: ‘Debian clang version 15.0.6’
Flavor: r-devel-linux-x86_64-debian-clang

Version: 1.1.2
Check: LazyData
Result: NOTE
     'LazyData' is specified without a 'data' directory
Flavors: r-devel-linux-x86_64-debian-clang, r-devel-linux-x86_64-debian-gcc, r-devel-linux-x86_64-fedora-clang, r-devel-linux-x86_64-fedora-gcc, r-devel-windows-x86_64, r-patched-linux-x86_64, r-release-linux-x86_64, r-release-macos-arm64, r-release-macos-x86_64, r-release-windows-x86_64, r-oldrel-macos-arm64, r-oldrel-macos-x86_64, r-oldrel-windows-ix86+x86_64

Version: 1.1.2
Check: compiled code
Result: WARN
    File ‘thor/libs/thor.so’:
     Found ‘__sprintf_chk’, possibly from ‘sprintf’ (C)
     Objects: ‘lmdb/mdb.o’, ‘util.o’
    
    Compiled code should not call entry points which might terminate R nor
    write to stdout/stderr instead of to the console, nor use Fortran I/O
    nor system RNGs nor [v]sprintf.
    
    See ‘Writing portable packages’ in the ‘Writing R Extensions’ manual.
Flavors: r-devel-linux-x86_64-debian-clang, r-devel-linux-x86_64-debian-gcc, r-devel-linux-x86_64-fedora-gcc

Version: 1.1.2
Check: whether package can be installed
Result: WARN
    Found the following significant warnings:
     thor.h:18:1: warning: function declaration isn’t a prototype [-Wstrict-prototypes]
     thor.h:21:1: warning: function declaration isn’t a prototype [-Wstrict-prototypes]
     thor.h:23:1: warning: function declaration isn’t a prototype [-Wstrict-prototypes]
     thor.h:106:1: warning: function declaration isn’t a prototype [-Wstrict-prototypes]
     thor.c:9:6: warning: function declaration isn’t a prototype [-Wstrict-prototypes]
     thor.c:23:6: warning: function declaration isn’t a prototype [-Wstrict-prototypes]
     thor.c:35:6: warning: function declaration isn’t a prototype [-Wstrict-prototypes]
     thor.c:748:6: warning: function declaration isn’t a prototype [-Wstrict-prototypes]
    See ‘/home/hornik/tmp/R.check/r-devel-gcc/Work/PKGS/thor.Rcheck/00install.out’ for details.
    * used C compiler: ‘gcc-12 (Debian 12.2.0-14) 12.2.0’
Flavor: r-devel-linux-x86_64-debian-gcc

Version: 1.1.2
Check: whether package can be installed
Result: WARN
    Found the following significant warnings:
     ./thor.h:18:15: warning: a function declaration without a prototype is deprecated in all versions of C [-Wstrict-prototypes]
     ./thor.h:21:19: warning: a function declaration without a prototype is deprecated in all versions of C [-Wstrict-prototypes]
     ./thor.h:23:22: warning: a function declaration without a prototype is deprecated in all versions of C [-Wstrict-prototypes]
     ./thor.h:106:21: warning: a function declaration without a prototype is deprecated in all versions of C [-Wstrict-prototypes]
     thor.c:9:15: warning: a function declaration without a prototype is deprecated in all versions of C [-Wstrict-prototypes]
     thor.c:23:19: warning: a function declaration without a prototype is deprecated in all versions of C [-Wstrict-prototypes]
     thor.c:35:22: warning: a function declaration without a prototype is deprecated in all versions of C [-Wstrict-prototypes]
     thor.c:748:21: warning: a function declaration without a prototype is deprecated in all versions of C [-Wstrict-prototypes]
    See ‘/data/gannet/ripley/R/packages/tests-clang/thor.Rcheck/00install.out’ for details.
    * used C compiler: ‘clang version 15.0.7’
Flavor: r-devel-linux-x86_64-fedora-clang

Version: 1.1.2
Check: compiled code
Result: WARN
    File ‘thor/libs/thor.so’:
     Found ‘sprintf’, possibly from ‘sprintf’ (C)
     Objects: ‘lmdb/mdb.o’, ‘util.o’
    
    Compiled code should not call entry points which might terminate R nor
    write to stdout/stderr instead of to the console, nor use Fortran I/O
    nor system RNGs nor [v]sprintf.
    
    See ‘Writing portable packages’ in the ‘Writing R Extensions’ manual.
Flavor: r-devel-linux-x86_64-fedora-clang

Version: 1.1.2
Check: whether package can be installed
Result: WARN
    Found the following significant warnings:
     thor.h:18:1: warning: function declaration isn’t a prototype [-Wstrict-prototypes]
     thor.h:21:1: warning: function declaration isn’t a prototype [-Wstrict-prototypes]
     thor.h:23:1: warning: function declaration isn’t a prototype [-Wstrict-prototypes]
     thor.h:106:1: warning: function declaration isn’t a prototype [-Wstrict-prototypes]
     thor.c:9:6: warning: function declaration isn’t a prototype [-Wstrict-prototypes]
     thor.c:23:6: warning: function declaration isn’t a prototype [-Wstrict-prototypes]
     thor.c:35:6: warning: function declaration isn’t a prototype [-Wstrict-prototypes]
     thor.c:748:6: warning: function declaration isn’t a prototype [-Wstrict-prototypes]
    See ‘/data/gannet/ripley/R/packages/tests-devel/thor.Rcheck/00install.out’ for details.
    * used C compiler: ‘gcc (GCC) 12.2.1 20221121 (Red Hat 12.2.1-4)’
Flavor: r-devel-linux-x86_64-fedora-gcc

Version: 1.1.2
Check: whether package can be installed
Result: WARN
    Found the following significant warnings:
     lmdb/mdb.c:10787:33: warning: 'I' flag used with '%x' gnu_printf format [-Wformat=]
     lmdb/mdb.c:10787:33: warning: format '%x' expects argument of type 'unsigned int', but argument 4 has type 'long long unsigned int' [-Wformat=]
     lmdb/mdb.c:10787:52: warning: 'I' flag used with '%x' gnu_printf format [-Wformat=]
     lmdb/mdb.c:10787:52: warning: format '%x' expects argument of type 'unsigned int', but argument 4 has type 'long long unsigned int' [-Wformat=]
     lmdb/mdb.c:10787:52: warning: ISO C does not support the 'I' printf flag [-Wformat=]
     lmdb/mdb.c:10787:52: warning: format '%u' expects argument of type 'unsigned int', but argument 5 has type 'txnid_t' {aka 'long long unsigned int'} [-Wformat=]
    See 'd:/Rcompile/CRANpkg/local/4.3/thor.Rcheck/00install.out' for details.
    * used C compiler: 'gcc.exe (GCC) 12.2.0'
Flavor: r-devel-windows-x86_64

Version: 1.1.2
Check: whether package can be installed
Result: WARN
    Found the following significant warnings:
     lmdb/mdb.c:10787:24: warning: ISO C does not support the 'I' printf flag [-Wformat=]
Flavor: r-release-windows-x86_64