Last updated on 2023-02-01 07:53:18 CET.
Flavor | Version | Tinstall | Tcheck | Ttotal | Status | Flags |
---|---|---|---|---|---|---|
r-devel-linux-x86_64-debian-clang | 0.3.3 | 10.98 | 48.50 | 59.48 | NOTE | |
r-devel-linux-x86_64-debian-gcc | 0.3.3 | 10.25 | 37.31 | 47.56 | NOTE | |
r-devel-linux-x86_64-fedora-clang | 0.3.3 | 78.01 | NOTE | |||
r-devel-linux-x86_64-fedora-gcc | 0.3.3 | 77.77 | NOTE | |||
r-devel-windows-x86_64 | 0.3.3 | 27.00 | 77.00 | 104.00 | NOTE | |
r-patched-linux-x86_64 | 0.3.3 | 12.56 | 48.08 | 60.64 | NOTE | |
r-release-linux-x86_64 | 0.3.3 | 11.28 | 48.24 | 59.52 | NOTE | |
r-release-macos-arm64 | 0.3.3 | 30.00 | NOTE | |||
r-release-macos-x86_64 | 0.3.3 | 50.00 | NOTE | |||
r-release-windows-x86_64 | 0.3.3 | 24.00 | 75.00 | 99.00 | NOTE | |
r-oldrel-macos-arm64 | 0.3.3 | 34.00 | NOTE | |||
r-oldrel-macos-x86_64 | 0.3.3 | 57.00 | NOTE | |||
r-oldrel-windows-ix86+x86_64 | 0.3.3 | 22.00 | 74.00 | 96.00 | NOTE |
Version: 0.3.3
Check: LazyData
Result: NOTE
'LazyData' is specified without a 'data' directory
Flavors: r-devel-linux-x86_64-debian-clang, r-devel-linux-x86_64-debian-gcc, r-devel-linux-x86_64-fedora-clang, r-devel-linux-x86_64-fedora-gcc, r-devel-windows-x86_64, r-patched-linux-x86_64, r-release-linux-x86_64, r-release-macos-arm64, r-release-macos-x86_64, r-release-windows-x86_64, r-oldrel-macos-arm64, r-oldrel-macos-x86_64, r-oldrel-windows-ix86+x86_64