CRAN Package Check Results for Package text2sdg

Last updated on 2024-02-21 07:52:43 CET.

Flavor Version Tinstall Tcheck Ttotal Status Flags
r-devel-linux-x86_64-debian-clang 1.1.1 OK
r-devel-linux-x86_64-debian-gcc 1.1.1 6.87 290.05 296.92 OK
r-devel-linux-x86_64-fedora-clang 1.1.1 485.18 NOTE
r-devel-linux-x86_64-fedora-gcc 1.1.1 463.99 NOTE
r-devel-windows-x86_64 1.1.1 10.00 224.00 234.00 OK
r-patched-linux-x86_64 1.1.1 14.18 377.62 391.80 OK
r-release-linux-x86_64 1.1.1 6.53 375.52 382.05 OK
r-release-macos-arm64 1.1.1 129.00 OK
r-release-macos-x86_64 1.1.1 247.00 OK
r-release-windows-x86_64 1.1.1 13.00 304.00 317.00 OK
r-oldrel-macos-arm64 1.1.1 88.00 OK
r-oldrel-windows-x86_64 1.1.1 13.00 291.00 304.00 OK

Check Details

Version: 1.1.1
Check: data for non-ASCII characters
Result: NOTE Note: found 37 marked UTF-8 strings Flavors: r-devel-linux-x86_64-fedora-clang, r-devel-linux-x86_64-fedora-gcc