Last updated on 2023-02-02 07:53:13 CET.
Flavor | Version | Tinstall | Tcheck | Ttotal | Status | Flags |
---|---|---|---|---|---|---|
r-devel-linux-x86_64-debian-clang | 0.1.21 | 6.85 | 104.44 | 111.29 | NOTE | |
r-devel-linux-x86_64-debian-gcc | 0.1.21 | 5.37 | 75.86 | 81.23 | NOTE | |
r-devel-linux-x86_64-fedora-clang | 0.1.21 | 139.52 | NOTE | |||
r-devel-linux-x86_64-fedora-gcc | 0.1.21 | 137.11 | NOTE | |||
r-patched-linux-x86_64 | 0.1.21 | 6.70 | 99.79 | 106.49 | NOTE | |
r-release-linux-x86_64 | 0.1.21 | 6.41 | 103.40 | 109.81 | NOTE | |
r-release-macos-arm64 | 0.1.21 | 29.00 | NOTE | |||
r-release-macos-x86_64 | 0.1.21 | 50.00 | NOTE | |||
r-release-windows-x86_64 | 0.1.21 | 26.00 | 143.00 | 169.00 | NOTE | |
r-oldrel-macos-arm64 | 0.1.21 | 29.00 | NOTE | |||
r-oldrel-macos-x86_64 | 0.1.21 | 51.00 | NOTE | |||
r-oldrel-windows-ix86+x86_64 | 0.1.21 | 27.00 | 123.00 | 150.00 | NOTE |
Version: 0.1.21
Check: LazyData
Result: NOTE
'LazyData' is specified without a 'data' directory
Flavors: r-devel-linux-x86_64-debian-clang, r-devel-linux-x86_64-debian-gcc, r-devel-linux-x86_64-fedora-clang, r-devel-linux-x86_64-fedora-gcc, r-patched-linux-x86_64, r-release-linux-x86_64, r-release-macos-arm64, r-release-macos-x86_64, r-release-windows-x86_64, r-oldrel-macos-arm64, r-oldrel-macos-x86_64, r-oldrel-windows-ix86+x86_64