Last updated on 2023-06-03 08:05:58 CEST.
Flavor | Version | Tinstall | Tcheck | Ttotal | Status | Flags |
---|---|---|---|---|---|---|
r-devel-linux-x86_64-debian-clang | 3.1.8 | 48.11 | 185.57 | 233.68 | OK | |
r-devel-linux-x86_64-debian-gcc | 3.1.8 | 41.83 | 138.17 | 180.00 | OK | |
r-devel-linux-x86_64-fedora-clang | 3.1.8 | 314.55 | OK | |||
r-devel-linux-x86_64-fedora-gcc | 3.1.8 | 358.54 | OK | |||
r-devel-windows-x86_64 | 3.1.8 | 50.00 | 161.00 | 211.00 | OK | |
r-patched-linux-x86_64 | 3.1.8 | OK | ||||
r-release-linux-x86_64 | 3.1.8 | 36.17 | 178.99 | 215.16 | OK | |
r-release-macos-arm64 | 3.1.8 | 115.00 | NOTE | |||
r-release-macos-x86_64 | 3.1.7 | 191.00 | NOTE | |||
r-release-windows-x86_64 | 3.1.8 | 60.00 | 194.00 | 254.00 | OK | |
r-oldrel-macos-arm64 | 3.1.8 | 108.00 | NOTE | |||
r-oldrel-macos-x86_64 | 3.1.8 | 130.00 | NOTE | |||
r-oldrel-windows-x86_64 | 3.1.8 | 56.00 | 172.00 | 228.00 | OK |
Version: 3.1.8
Check: installed package size
Result: NOTE
installed size is 8.2Mb
sub-directories of 1Mb or more:
R 1.1Mb
libs 5.8Mb
Flavors: r-release-macos-arm64, r-oldrel-macos-arm64, r-oldrel-macos-x86_64
Version: 3.1.7
Check: installed package size
Result: NOTE
installed size is 7.7Mb
sub-directories of 1Mb or more:
R 1.0Mb
libs 5.3Mb
Flavor: r-release-macos-x86_64