Last updated on 2023-01-29 08:57:15 CET.
Flavor | Version | Tinstall | Tcheck | Ttotal | Status | Flags |
---|---|---|---|---|---|---|
r-devel-linux-x86_64-debian-clang | 0.2.0 | 7.17 | 81.88 | 89.05 | OK | |
r-devel-linux-x86_64-debian-gcc | 0.2.0 | 5.31 | 60.69 | 66.00 | OK | |
r-devel-linux-x86_64-fedora-clang | 0.2.0 | 131.47 | NOTE | |||
r-devel-linux-x86_64-fedora-gcc | 0.2.0 | 135.53 | NOTE | |||
r-devel-windows-x86_64 | 0.2.0 | 25.00 | 138.00 | 163.00 | OK | |
r-patched-linux-x86_64 | 0.2.0 | 7.47 | 78.34 | 85.81 | OK | |
r-release-linux-x86_64 | 0.2.0 | 7.01 | 78.54 | 85.55 | OK | |
r-release-macos-arm64 | 0.2.0 | 59.00 | OK | |||
r-release-macos-x86_64 | 0.2.0 | 75.00 | OK | |||
r-release-windows-x86_64 | 0.2.0 | 14.00 | 134.00 | 148.00 | OK | |
r-oldrel-macos-arm64 | 0.2.0 | 46.00 | OK | |||
r-oldrel-macos-x86_64 | 0.2.0 | 82.00 | OK | |||
r-oldrel-windows-ix86+x86_64 | 0.2.0 | 18.00 | 108.00 | 126.00 | OK |
Version: 0.2.0
Check: for detritus in the temp directory
Result: NOTE
Found the following files/directories:
‘par-7269706c6579’
Flavors: r-devel-linux-x86_64-fedora-clang, r-devel-linux-x86_64-fedora-gcc