Last updated on 2023-02-09 07:57:04 CET.
Flavor | Version | Tinstall | Tcheck | Ttotal | Status | Flags |
---|---|---|---|---|---|---|
r-devel-linux-x86_64-debian-clang | 1.7-3 | 602.76 | 401.71 | 1004.47 | NOTE | |
r-devel-linux-x86_64-debian-gcc | 1.7-3 | 549.14 | 294.40 | 843.54 | NOTE | |
r-devel-linux-x86_64-fedora-clang | 1.7-3 | 1384.76 | NOTE | |||
r-devel-linux-x86_64-fedora-gcc | 1.7-3 | 1541.85 | NOTE | |||
r-devel-windows-x86_64 | 1.7-3 | 664.00 | 979.00 | 1643.00 | NOTE | |
r-patched-linux-x86_64 | 1.7-3 | 576.31 | 378.62 | 954.93 | OK | |
r-release-linux-x86_64 | 1.7-3 | 571.81 | 395.63 | 967.44 | OK | |
r-release-macos-arm64 | 1.7-3 | 319.00 | NOTE | |||
r-release-macos-x86_64 | 1.7-3 | 434.00 | NOTE | |||
r-release-windows-x86_64 | 1.7-3 | 804.00 | 1045.00 | 1849.00 | NOTE | |
r-oldrel-macos-arm64 | 1.7-3 | 301.00 | NOTE | |||
r-oldrel-macos-x86_64 | 1.7-3 | 436.00 | NOTE | |||
r-oldrel-windows-ix86+x86_64 | 1.7-3 | 1405.00 | 990.00 | 2395.00 | NOTE |
Version: 1.7-3
Check: C++ specification
Result: NOTE
Specified C++11: please update to current default of C++17
Flavor: r-devel-linux-x86_64-debian-clang
Version: 1.7-3
Check: C++ specification
Result: NOTE
Specified C++11: please drop specification unless essential
Flavors: r-devel-linux-x86_64-debian-gcc, r-devel-linux-x86_64-fedora-clang, r-devel-linux-x86_64-fedora-gcc, r-devel-windows-x86_64
Version: 1.7-3
Check: installed package size
Result: NOTE
installed size is 9.3Mb
sub-directories of 1Mb or more:
R 2.1Mb
libs 6.0Mb
Flavors: r-devel-linux-x86_64-fedora-clang, r-devel-windows-x86_64, r-release-macos-arm64, r-release-macos-x86_64, r-release-windows-x86_64, r-oldrel-macos-arm64, r-oldrel-macos-x86_64, r-oldrel-windows-ix86+x86_64