Last updated on 2023-09-21 07:55:09 CEST.
Flavor | Version | Tinstall | Tcheck | Ttotal | Status | Flags |
---|---|---|---|---|---|---|
r-devel-linux-x86_64-debian-clang | 0.1.1 | 17.21 | 112.36 | 129.57 | NOTE | |
r-devel-linux-x86_64-debian-gcc | 0.1.1 | 14.65 | 85.11 | 99.76 | NOTE | |
r-devel-linux-x86_64-fedora-clang | 0.1.1 | 155.28 | NOTE | |||
r-devel-linux-x86_64-fedora-gcc | 0.1.1 | 167.66 | NOTE | |||
r-devel-windows-x86_64 | 0.1.1 | 16.00 | 104.00 | 120.00 | NOTE | |
r-patched-linux-x86_64 | 0.1.1 | 18.76 | 105.11 | 123.87 | NOTE | |
r-release-linux-x86_64 | 0.1.1 | 15.11 | 108.69 | 123.80 | NOTE | |
r-release-macos-arm64 | 0.1.1 | 51.00 | NOTE | |||
r-release-macos-x86_64 | 0.1.1 | 85.00 | NOTE | |||
r-release-windows-x86_64 | 0.1.1 | 18.00 | 124.00 | 142.00 | NOTE | |
r-oldrel-macos-arm64 | 0.1.1 | 39.00 | NOTE | |||
r-oldrel-macos-x86_64 | 0.1.1 | 59.00 | NOTE | |||
r-oldrel-windows-x86_64 | 0.1.1 | 20.00 | 114.00 | 134.00 | NOTE |
Version: 0.1.1
Check: Rd \usage sections
Result: NOTE
Documented arguments not in \usage in documentation object 'extract_sptensor':
‘idxmat’
Functions with \usage entries need to have the appropriate \alias
entries, and all their arguments documented.
The \usage entries must correspond to syntactically valid R code.
See chapter ‘Writing R documentation files’ in the ‘Writing R
Extensions’ manual.
Flavors: r-devel-linux-x86_64-debian-clang, r-devel-linux-x86_64-debian-gcc, r-devel-linux-x86_64-fedora-clang, r-devel-linux-x86_64-fedora-gcc, r-devel-windows-x86_64
Version: 0.1.1
Check: LazyData
Result: NOTE
'LazyData' is specified without a 'data' directory
Flavors: r-devel-linux-x86_64-debian-clang, r-devel-linux-x86_64-debian-gcc, r-devel-linux-x86_64-fedora-clang, r-devel-linux-x86_64-fedora-gcc, r-devel-windows-x86_64, r-patched-linux-x86_64, r-release-linux-x86_64, r-release-macos-arm64, r-release-macos-x86_64, r-release-windows-x86_64, r-oldrel-macos-arm64, r-oldrel-macos-x86_64, r-oldrel-windows-x86_64