CRAN Package Check Results for Package tensorTS

Last updated on 2023-02-02 07:53:13 CET.

Flavor Version Tinstall Tcheck Ttotal Status Flags
r-devel-linux-x86_64-debian-clang 1.0.0 15.55 105.15 120.70 NOTE
r-devel-linux-x86_64-debian-gcc 1.0.0 10.03 77.82 87.85 NOTE
r-devel-linux-x86_64-fedora-clang 1.0.0 145.30 NOTE
r-devel-linux-x86_64-fedora-gcc 1.0.0 141.21 NOTE
r-patched-linux-x86_64 1.0.0 14.27 100.06 114.33 OK
r-release-linux-x86_64 1.0.0 10.01 98.24 108.25 OK
r-release-macos-arm64 1.0.0 37.00 OK
r-release-macos-x86_64 1.0.0 62.00 OK
r-release-windows-x86_64 1.0.0 16.00 129.00 145.00 OK
r-oldrel-macos-arm64 1.0.0 37.00 OK
r-oldrel-macos-x86_64 1.0.0 55.00 OK
r-oldrel-windows-ix86+x86_64 1.0.0 27.00 125.00 152.00 OK

Check Details

Version: 1.0.0
Check: package subdirectories
Result: NOTE
    Problems with news in ‘NEWS.md’:
    No news entries found.
Flavors: r-devel-linux-x86_64-debian-clang, r-devel-linux-x86_64-debian-gcc, r-devel-linux-x86_64-fedora-clang, r-devel-linux-x86_64-fedora-gcc