Last updated on 2023-01-29 08:57:15 CET.
Flavor | Version | Tinstall | Tcheck | Ttotal | Status | Flags |
---|---|---|---|---|---|---|
r-devel-linux-x86_64-debian-clang | 1.0.3 | 260.63 | 375.06 | 635.69 | OK | |
r-devel-linux-x86_64-debian-gcc | 1.0.3 | 205.03 | 274.39 | 479.42 | NOTE | |
r-devel-linux-x86_64-fedora-clang | 1.0.3 | 855.04 | NOTE | |||
r-devel-linux-x86_64-fedora-gcc | 1.0.3 | 814.06 | NOTE | |||
r-devel-windows-x86_64 | 1.0.3 | 224.00 | 418.00 | 642.00 | NOTE | |
r-patched-linux-x86_64 | 1.0.3 | 228.72 | 366.28 | 595.00 | OK | |
r-release-linux-x86_64 | 1.0.3 | 188.29 | 361.39 | 549.68 | OK | |
r-release-macos-arm64 | 1.0.3 | 168.00 | NOTE | |||
r-release-macos-x86_64 | 1.0.3 | 287.00 | NOTE | |||
r-release-windows-x86_64 | 1.0.3 | 219.00 | 393.00 | 612.00 | OK | |
r-oldrel-macos-arm64 | 1.0.3 | 137.00 | NOTE | |||
r-oldrel-macos-x86_64 | 1.0.3 | 260.00 | NOTE | |||
r-oldrel-windows-ix86+x86_64 | 1.0.3 | 654.00 | 574.00 | 1228.00 | NOTE |
Version: 1.0.3
Check: C++ specification
Result: NOTE
Specified C++11: please update to current default of C++17
Flavors: r-devel-linux-x86_64-debian-gcc, r-devel-linux-x86_64-fedora-clang, r-devel-linux-x86_64-fedora-gcc, r-devel-windows-x86_64
Version: 1.0.3
Check: installed package size
Result: NOTE
installed size is 19.2Mb
sub-directories of 1Mb or more:
data 2.4Mb
libs 16.5Mb
Flavors: r-release-macos-arm64, r-release-macos-x86_64, r-oldrel-macos-arm64, r-oldrel-macos-x86_64, r-oldrel-windows-ix86+x86_64