CRAN Package Check Results for Package teda

Last updated on 2023-10-01 08:52:12 CEST.

Flavor Version Tinstall Tcheck Ttotal Status Flags
r-devel-linux-x86_64-debian-clang 0.1.1 2.12 23.64 25.76 NOTE
r-devel-linux-x86_64-debian-gcc 0.1.1 1.55 18.65 20.20 NOTE
r-devel-linux-x86_64-fedora-clang 0.1.1 32.58 NOTE
r-devel-linux-x86_64-fedora-gcc 0.1.1 31.51 NOTE
r-devel-windows-x86_64 0.1.1 2.00 43.00 45.00 NOTE
r-patched-linux-x86_64 0.1.1 2.25 23.55 25.80 NOTE
r-release-linux-x86_64 0.1.1 2.29 23.54 25.83 NOTE
r-release-macos-arm64 0.1.1 17.00 NOTE
r-release-macos-x86_64 0.1.1 20.00 NOTE
r-release-windows-x86_64 0.1.1 3.00 43.00 46.00 NOTE
r-oldrel-macos-arm64 0.1.1 17.00 NOTE
r-oldrel-macos-x86_64 0.1.1 20.00 NOTE
r-oldrel-windows-x86_64 0.1.1 4.00 43.00 47.00 NOTE

Check Details

Version: 0.1.1
Check: LazyData
Result: NOTE
     'LazyData' is specified without a 'data' directory
Flavors: r-devel-linux-x86_64-debian-clang, r-devel-linux-x86_64-debian-gcc, r-devel-linux-x86_64-fedora-clang, r-devel-linux-x86_64-fedora-gcc, r-devel-windows-x86_64, r-patched-linux-x86_64, r-release-linux-x86_64, r-release-macos-arm64, r-release-macos-x86_64, r-release-windows-x86_64, r-oldrel-macos-arm64, r-oldrel-macos-x86_64, r-oldrel-windows-x86_64