Last updated on 2023-02-02 07:53:13 CET.
Flavor | Version | Tinstall | Tcheck | Ttotal | Status | Flags |
---|---|---|---|---|---|---|
r-devel-linux-x86_64-debian-clang | 0.0.4 | 5.44 | 51.61 | 57.05 | OK | |
r-devel-linux-x86_64-debian-gcc | 0.0.4 | 4.54 | 38.91 | 43.45 | OK | |
r-devel-linux-x86_64-fedora-clang | 0.0.4 | 75.46 | NOTE | |||
r-devel-linux-x86_64-fedora-gcc | 0.0.4 | 74.04 | OK | |||
r-patched-linux-x86_64 | 0.0.4 | 4.88 | 50.40 | 55.28 | OK | |
r-release-linux-x86_64 | 0.0.4 | 3.99 | 53.94 | 57.93 | OK | |
r-release-macos-arm64 | 0.0.4 | 27.00 | OK | |||
r-release-macos-x86_64 | 0.0.4 | 49.00 | OK | |||
r-release-windows-x86_64 | 0.0.4 | 25.00 | 90.00 | 115.00 | OK | |
r-oldrel-macos-arm64 | 0.0.4 | 30.00 | OK | |||
r-oldrel-macos-x86_64 | 0.0.4 | 45.00 | OK | |||
r-oldrel-windows-ix86+x86_64 | 0.0.4 | 13.00 | 77.00 | 90.00 | OK |
Version: 0.0.4
Check: Rd cross-references
Result: NOTE
Undeclared package ‘scales’ in Rd xrefs
Flavor: r-devel-linux-x86_64-fedora-clang