Last updated on 2023-02-04 08:01:30 CET.
Flavor | Version | Tinstall | Tcheck | Ttotal | Status | Flags |
---|---|---|---|---|---|---|
r-devel-linux-x86_64-debian-clang | 1.0.8 | 242.33 | 101.19 | 343.52 | NOTE | |
r-devel-linux-x86_64-debian-gcc | 1.0.8 | 192.27 | 72.84 | 265.11 | NOTE | |
r-devel-linux-x86_64-fedora-clang | 1.0.8 | 543.12 | NOTE | |||
r-devel-linux-x86_64-fedora-gcc | 1.0.8 | 444.05 | NOTE | |||
r-devel-windows-x86_64 | 1.0.8 | 612.00 | 159.00 | 771.00 | NOTE | |
r-patched-linux-x86_64 | 1.0.8 | 192.27 | 98.66 | 290.93 | NOTE | |
r-release-linux-x86_64 | 1.0.8 | 183.45 | 96.07 | 279.52 | NOTE | |
r-release-macos-arm64 | 1.0.8 | 109.00 | NOTE | |||
r-release-macos-x86_64 | 1.0.8 | 172.00 | NOTE | |||
r-release-windows-x86_64 | 1.0.8 | 634.00 | 173.00 | 807.00 | NOTE | |
r-oldrel-macos-arm64 | 1.0.8 | 112.00 | NOTE | |||
r-oldrel-macos-x86_64 | 1.0.8 | 180.00 | NOTE | |||
r-oldrel-windows-ix86+x86_64 | 1.0.8 | 600.00 | 178.00 | 778.00 | NOTE |
Version: 1.0.8
Check: C++ specification
Result: NOTE
Specified C++11: please update to current default of C++17
Flavors: r-devel-linux-x86_64-debian-clang, r-devel-linux-x86_64-debian-gcc, r-devel-linux-x86_64-fedora-clang, r-devel-linux-x86_64-fedora-gcc, r-devel-windows-x86_64
Version: 1.0.8
Check: LazyData
Result: NOTE
'LazyData' is specified without a 'data' directory
Flavors: r-devel-linux-x86_64-debian-clang, r-devel-linux-x86_64-debian-gcc, r-devel-linux-x86_64-fedora-clang, r-devel-linux-x86_64-fedora-gcc, r-devel-windows-x86_64, r-patched-linux-x86_64, r-release-linux-x86_64, r-release-macos-arm64, r-release-macos-x86_64, r-release-windows-x86_64, r-oldrel-macos-arm64, r-oldrel-macos-x86_64, r-oldrel-windows-ix86+x86_64
Version: 1.0.8
Check: installed package size
Result: NOTE
installed size is 5.8Mb
sub-directories of 1Mb or more:
apps 3.2Mb
Flavors: r-devel-linux-x86_64-fedora-clang, r-release-macos-arm64, r-release-macos-x86_64, r-oldrel-macos-arm64, r-oldrel-macos-x86_64, r-oldrel-windows-ix86+x86_64