CRAN Package Check Results for Package tdROC

Last updated on 2023-01-26 07:54:04 CET.

Flavor Version Tinstall Tcheck Ttotal Status Flags
r-devel-linux-x86_64-debian-clang 1.0 8.39 65.73 74.12 OK
r-devel-linux-x86_64-debian-gcc 1.0 5.92 50.80 56.72 OK
r-devel-linux-x86_64-fedora-clang 1.0 95.58 NOTE
r-devel-linux-x86_64-fedora-gcc 1.0 90.63 OK
r-patched-linux-x86_64 1.0 7.37 65.44 72.81 OK
r-release-linux-x86_64 1.0 8.35 66.47 74.82 OK
r-release-macos-arm64 1.0 31.00 OK
r-release-macos-x86_64 1.0 45.00 OK
r-release-windows-x86_64 1.0 13.00 91.00 104.00 OK
r-oldrel-macos-arm64 1.0 38.00 OK
r-oldrel-macos-x86_64 1.0 56.00 OK
r-oldrel-windows-ix86+x86_64 1.0 16.00 90.00 106.00 OK

Check Details

Version: 1.0
Check: Rd cross-references
Result: NOTE
    Undeclared package ‘survivalROC’ in Rd xrefs
Flavor: r-devel-linux-x86_64-fedora-clang