CRAN Package Check Results for Package tardis

Last updated on 2024-03-03 08:52:47 CET.

Flavor Version Tinstall Tcheck Ttotal Status Flags
r-devel-linux-x86_64-debian-clang 0.1.4 7.17 44.42 51.59 NOTE
r-devel-linux-x86_64-debian-gcc 0.1.4 5.19 34.41 39.60 NOTE
r-devel-linux-x86_64-fedora-clang 0.1.4 68.78 NOTE
r-devel-linux-x86_64-fedora-gcc 0.1.4 75.44 NOTE
r-devel-windows-x86_64 0.1.4 10.00 61.00 71.00 NOTE
r-patched-linux-x86_64 0.1.4 7.51 43.26 50.77 NOTE
r-release-linux-x86_64 0.1.4 5.40 43.61 49.01 NOTE
r-release-macos-arm64 0.1.4 34.00 NOTE
r-release-macos-x86_64 0.1.4 51.00 NOTE
r-release-windows-x86_64 0.1.4 12.00 67.00 79.00 NOTE
r-oldrel-macos-arm64 0.1.4 34.00 NOTE
r-oldrel-windows-x86_64 0.1.4 11.00 67.00 78.00 OK

Check Details

Version: 0.1.4
Check: C++ specification
Result: NOTE Specified C++11: please drop specification unless essential Flavors: r-devel-linux-x86_64-debian-clang, r-devel-linux-x86_64-debian-gcc, r-devel-linux-x86_64-fedora-clang, r-devel-linux-x86_64-fedora-gcc, r-devel-windows-x86_64, r-patched-linux-x86_64, r-release-linux-x86_64, r-release-macos-arm64, r-release-macos-x86_64, r-release-windows-x86_64

Version: 0.1.4
Check: data for non-ASCII characters
Result: NOTE Note: found 301 marked UTF-8 strings Flavors: r-devel-linux-x86_64-fedora-clang, r-devel-linux-x86_64-fedora-gcc, r-oldrel-macos-arm64