CRAN Package Check Results for Package tapnet

Last updated on 2023-01-30 09:54:27 CET.

Flavor Version Tinstall Tcheck Ttotal Status Flags
r-devel-linux-x86_64-debian-clang 0.3 18.79 144.58 163.37 NOTE
r-devel-linux-x86_64-debian-gcc 0.3 14.52 106.51 121.03 NOTE
r-devel-linux-x86_64-fedora-clang 0.3 203.13 NOTE
r-devel-linux-x86_64-fedora-gcc 0.3 204.38 NOTE
r-devel-windows-x86_64 0.3 23.00 176.00 199.00 NOTE
r-patched-linux-x86_64 0.3 15.68 141.07 156.75 OK
r-release-linux-x86_64 0.3 11.66 140.25 151.91 OK
r-release-macos-arm64 0.3 54.00 OK
r-release-macos-x86_64 0.3 106.00 OK
r-release-windows-x86_64 0.3 23.00 185.00 208.00 OK
r-oldrel-macos-arm64 0.3 52.00 OK
r-oldrel-macos-x86_64 0.3 108.00 OK
r-oldrel-windows-ix86+x86_64 0.3 38.00 164.00 202.00 OK

Check Details

Version: 0.3
Check: Rd files
Result: NOTE
    checkRd: (-1) tapnet-package.Rd:40: Escaped LaTeX specials: \&
Flavors: r-devel-linux-x86_64-debian-clang, r-devel-linux-x86_64-debian-gcc, r-devel-linux-x86_64-fedora-clang, r-devel-linux-x86_64-fedora-gcc, r-devel-windows-x86_64