CRAN Package Check Results for Package tabularmaps

Last updated on 2023-01-29 08:57:15 CET.

Flavor Version Tinstall Tcheck Ttotal Status Flags
r-devel-linux-x86_64-debian-clang 0.1.0 5.89 64.61 70.50 OK
r-devel-linux-x86_64-debian-gcc 0.1.0 4.79 47.70 52.49 OK
r-devel-linux-x86_64-fedora-clang 0.1.0 89.17 NOTE
r-devel-linux-x86_64-fedora-gcc 0.1.0 91.99 NOTE
r-devel-windows-x86_64 0.1.0 20.00 93.00 113.00 OK
r-patched-linux-x86_64 0.1.0 5.38 63.94 69.32 OK
r-release-linux-x86_64 0.1.0 4.15 62.70 66.85 OK
r-release-macos-arm64 0.1.0 29.00 NOTE
r-release-macos-x86_64 0.1.0 49.00 NOTE
r-release-windows-x86_64 0.1.0 15.00 96.00 111.00 OK
r-oldrel-macos-arm64 0.1.0 28.00 NOTE
r-oldrel-macos-x86_64 0.1.0 52.00 NOTE
r-oldrel-windows-ix86+x86_64 0.1.0 17.00 94.00 111.00 OK

Check Details

Version: 0.1.0
Check: data for non-ASCII characters
Result: NOTE
     Note: found 81 marked UTF-8 strings
Flavors: r-devel-linux-x86_64-fedora-clang, r-devel-linux-x86_64-fedora-gcc, r-release-macos-arm64, r-release-macos-x86_64, r-oldrel-macos-arm64, r-oldrel-macos-x86_64