Last updated on 2023-09-25 08:02:41 CEST.
Flavor | Version | Tinstall | Tcheck | Ttotal | Status | Flags |
---|---|---|---|---|---|---|
r-devel-linux-x86_64-debian-clang | 2.1.2 | 5.40 | 63.28 | 68.68 | OK | |
r-devel-linux-x86_64-debian-gcc | 2.1.2 | 3.04 | 48.03 | 51.07 | OK | |
r-devel-linux-x86_64-fedora-clang | 2.1.2 | 84.89 | NOTE | |||
r-devel-linux-x86_64-fedora-gcc | 2.1.2 | 95.11 | OK | |||
r-devel-windows-x86_64 | 2.1.2 | 6.00 | 81.00 | 87.00 | NOTE | |
r-patched-linux-x86_64 | 2.1.2 | 7.43 | 59.52 | 66.95 | OK | |
r-release-linux-x86_64 | 2.1.2 | 4.27 | 60.01 | 64.28 | OK | |
r-release-macos-arm64 | 2.1.2 | 53.00 | NOTE | |||
r-release-macos-x86_64 | 2.1.2 | 83.00 | NOTE | |||
r-release-windows-x86_64 | 2.1.2 | 8.00 | 89.00 | 97.00 | NOTE | |
r-oldrel-macos-arm64 | 2.1.2 | 36.00 | NOTE | |||
r-oldrel-macos-x86_64 | 2.1.2 | 41.00 | NOTE | |||
r-oldrel-windows-x86_64 | 2.1.2 | 7.00 | 86.00 | 93.00 | NOTE |
Version: 2.1.2
Check: installed package size
Result: NOTE
installed size is 6.1Mb
sub-directories of 1Mb or more:
doc 5.9Mb
Flavors: r-devel-linux-x86_64-fedora-clang, r-devel-windows-x86_64, r-release-macos-arm64, r-release-macos-x86_64, r-release-windows-x86_64, r-oldrel-macos-arm64, r-oldrel-macos-x86_64, r-oldrel-windows-x86_64