Last updated on 2025-01-20 08:48:39 CET.
Flavor | Version | Tinstall | Tcheck | Ttotal | Status | Flags |
---|---|---|---|---|---|---|
r-devel-linux-x86_64-debian-clang | 1.1.4 | 3.01 | 33.64 | 36.65 | OK | |
r-devel-linux-x86_64-debian-gcc | 1.1.4 | 2.80 | 26.14 | 28.94 | OK | |
r-devel-linux-x86_64-fedora-clang | 1.1.4 | 61.23 | NOTE | |||
r-devel-linux-x86_64-fedora-gcc | 1.1.4 | 74.39 | NOTE | |||
r-devel-windows-x86_64 | 1.1.4 | 6.00 | 56.00 | 62.00 | OK | |
r-patched-linux-x86_64 | 1.1.4 | 3.04 | 32.23 | 35.27 | OK | |
r-release-linux-x86_64 | 1.1.4 | 2.78 | 32.42 | 35.20 | OK | |
r-release-macos-arm64 | 1.1.4 | 28.00 | OK | |||
r-release-macos-x86_64 | 1.1.4 | 62.00 | OK | |||
r-release-windows-x86_64 | 1.1.4 | 6.00 | 57.00 | 63.00 | OK | |
r-oldrel-macos-arm64 | 1.1.4 | 34.00 | OK | |||
r-oldrel-macos-x86_64 | 1.1.4 | 58.00 | OK | |||
r-oldrel-windows-x86_64 | 1.1.4 | 6.00 | 61.00 | 67.00 | OK |
Version: 1.1.4
Check: dependencies in R code
Result: NOTE
Namespaces in Imports field not imported from:
‘htmltools’ ‘markdown’ ‘nextGenShinyApps’
All declared Imports should be used.
Flavors: r-devel-linux-x86_64-fedora-clang, r-devel-linux-x86_64-fedora-gcc