Last updated on 2023-01-31 07:54:27 CET.
Flavor | Version | Tinstall | Tcheck | Ttotal | Status | Flags |
---|---|---|---|---|---|---|
r-devel-linux-x86_64-debian-clang | 0.1 | 10.58 | 117.75 | 128.33 | NOTE | |
r-devel-linux-x86_64-debian-gcc | 0.1 | 8.81 | 87.21 | 96.02 | NOTE | |
r-devel-linux-x86_64-fedora-clang | 0.1 | 156.02 | NOTE | |||
r-devel-linux-x86_64-fedora-gcc | 0.1 | 151.31 | NOTE | |||
r-devel-windows-x86_64 | 0.1 | 20.00 | 142.00 | 162.00 | NOTE | |
r-patched-linux-x86_64 | 0.1 | 10.17 | 110.84 | 121.01 | NOTE | |
r-release-linux-x86_64 | 0.1 | 11.64 | 112.89 | 124.53 | NOTE | |
r-release-macos-arm64 | 0.1 | 43.00 | NOTE | |||
r-release-macos-x86_64 | 0.1 | 63.00 | NOTE | |||
r-release-windows-x86_64 | 0.1 | 21.00 | 147.00 | 168.00 | NOTE | |
r-oldrel-macos-arm64 | 0.1 | 56.00 | NOTE | |||
r-oldrel-macos-x86_64 | 0.1 | 77.00 | NOTE | |||
r-oldrel-windows-ix86+x86_64 | 0.1 | 26.00 | 141.00 | 167.00 | NOTE |
Version: 0.1
Check: LazyData
Result: NOTE
'LazyData' is specified without a 'data' directory
Flavors: r-devel-linux-x86_64-debian-clang, r-devel-linux-x86_64-debian-gcc, r-devel-linux-x86_64-fedora-clang, r-devel-linux-x86_64-fedora-gcc, r-devel-windows-x86_64, r-patched-linux-x86_64, r-release-linux-x86_64, r-release-macos-arm64, r-release-macos-x86_64, r-release-windows-x86_64, r-oldrel-macos-arm64, r-oldrel-macos-x86_64, r-oldrel-windows-ix86+x86_64