CRAN Package Check Results for Package sylly

Last updated on 2023-09-30 08:00:43 CEST.

Flavor Version Tinstall Tcheck Ttotal Status Flags
r-devel-linux-x86_64-debian-clang 0.1-6 4.48 40.61 45.09 NOTE
r-devel-linux-x86_64-debian-gcc 0.1-6 3.84 31.01 34.85 NOTE
r-devel-linux-x86_64-fedora-clang 0.1-6 58.24 NOTE
r-devel-linux-x86_64-fedora-gcc 0.1-6 69.10 NOTE
r-devel-windows-x86_64 0.1-6 6.00 56.00 62.00 NOTE
r-patched-linux-x86_64 0.1-6 5.14 39.31 44.45 NOTE
r-release-linux-x86_64 0.1-6 4.97 39.28 44.25 NOTE
r-release-macos-arm64 0.1-6 31.00 NOTE
r-release-macos-x86_64 0.1-6 44.00 NOTE
r-release-windows-x86_64 0.1-6 8.00 58.00 66.00 NOTE
r-oldrel-macos-arm64 0.1-6 24.00 NOTE
r-oldrel-macos-x86_64 0.1-6 31.00 NOTE
r-oldrel-windows-x86_64 0.1-6 10.00 60.00 70.00 NOTE

Check Details

Version: 0.1-6
Check: package dependencies
Result: NOTE
    Packages suggested but not available for checking: 'sylly.de', 'sylly.es'
Flavors: r-devel-linux-x86_64-debian-clang, r-devel-linux-x86_64-debian-gcc, r-devel-linux-x86_64-fedora-clang, r-devel-linux-x86_64-fedora-gcc, r-devel-windows-x86_64, r-patched-linux-x86_64, r-release-linux-x86_64, r-release-macos-arm64, r-release-macos-x86_64, r-release-windows-x86_64, r-oldrel-macos-arm64, r-oldrel-macos-x86_64, r-oldrel-windows-x86_64