Last updated on 2023-12-03 08:50:25 CET.
Flavor | Version | Tinstall | Tcheck | Ttotal | Status | Flags |
---|---|---|---|---|---|---|
r-devel-linux-x86_64-debian-clang | 0.1-3 | 2.46 | 30.05 | 32.51 | NOTE | |
r-devel-linux-x86_64-debian-gcc | 0.1-3 | 2.01 | 23.03 | 25.04 | NOTE | |
r-devel-linux-x86_64-fedora-clang | 0.1-3 | 40.51 | OK | |||
r-devel-linux-x86_64-fedora-gcc | 0.1-3 | 38.23 | OK | |||
r-devel-windows-x86_64 | 0.1-3 | 3.00 | 46.00 | 49.00 | OK | |
r-patched-linux-x86_64 | 0.1-3 | 2.92 | 29.77 | 32.69 | OK | |
r-release-linux-x86_64 | 0.1-3 | 1.94 | 29.35 | 31.29 | OK | |
r-release-macos-arm64 | 0.1-3 | 19.00 | OK | |||
r-release-macos-x86_64 | 0.1-3 | 24.00 | OK | |||
r-release-windows-x86_64 | 0.1-3 | 3.00 | 45.00 | 48.00 | OK | |
r-oldrel-macos-arm64 | 0.1-3 | 18.00 | OK | |||
r-oldrel-macos-x86_64 | 0.1-3 | 25.00 | OK | |||
r-oldrel-windows-x86_64 | 0.1-3 | 4.00 | 49.00 | 53.00 | OK |
Version: 0.1-3
Check: Rd files
Result: NOTE
checkRd: (-1) hyph.support.en.Rd:19: Lost braces in \itemize; meant \describe ?
checkRd: (-1) hyph.support.en.Rd:20: Lost braces in \itemize; meant \describe ?
Flavors: r-devel-linux-x86_64-debian-clang, r-devel-linux-x86_64-debian-gcc