CRAN Package Check Results for Package swmmr

Last updated on 2023-01-30 09:54:27 CET.

Flavor Version Tinstall Tcheck Ttotal Status Flags
r-devel-linux-x86_64-debian-clang 0.9.1 22.55 67.18 89.73 NOTE
r-devel-linux-x86_64-debian-gcc 0.9.1 19.96 50.06 70.02 NOTE
r-devel-linux-x86_64-fedora-clang 0.9.1 120.57 NOTE
r-devel-linux-x86_64-fedora-gcc 0.9.1 122.03 NOTE
r-devel-windows-x86_64 0.9.1 96.00 143.00 239.00 NOTE
r-patched-linux-x86_64 0.9.1 20.54 59.01 79.55 NOTE
r-release-linux-x86_64 0.9.1 15.02 57.69 72.71 NOTE
r-release-macos-arm64 0.9.1 34.00 NOTE
r-release-macos-x86_64 0.9.1 57.00 NOTE
r-release-windows-x86_64 0.9.1 98.00 126.00 224.00 NOTE
r-oldrel-macos-arm64 0.9.1 36.00 NOTE
r-oldrel-macos-x86_64 0.9.1 66.00 NOTE
r-oldrel-windows-ix86+x86_64 0.9.1 57.00 128.00 185.00 NOTE

Check Details

Version: 0.9.1
Check: LazyData
Result: NOTE
     'LazyData' is specified without a 'data' directory
Flavors: r-devel-linux-x86_64-debian-clang, r-devel-linux-x86_64-debian-gcc, r-devel-linux-x86_64-fedora-clang, r-devel-linux-x86_64-fedora-gcc, r-devel-windows-x86_64, r-patched-linux-x86_64, r-release-linux-x86_64, r-release-macos-arm64, r-release-macos-x86_64, r-release-windows-x86_64, r-oldrel-macos-arm64, r-oldrel-macos-x86_64, r-oldrel-windows-ix86+x86_64