CRAN Package Check Results for Package svs

Last updated on 2023-01-30 09:54:27 CET.

Flavor Version Tinstall Tcheck Ttotal Status Flags
r-devel-linux-x86_64-debian-clang 3.0.0 9.25 87.97 97.22 NOTE
r-devel-linux-x86_64-debian-gcc 3.0.0 7.21 65.12 72.33 NOTE
r-devel-linux-x86_64-fedora-clang 3.0.0 119.55 NOTE
r-devel-linux-x86_64-fedora-gcc 3.0.0 120.11 NOTE
r-devel-windows-x86_64 3.0.0 32.00 137.00 169.00 NOTE
r-patched-linux-x86_64 3.0.0 8.88 83.30 92.18 NOTE
r-release-linux-x86_64 3.0.0 9.01 84.70 93.71 NOTE
r-release-macos-arm64 3.0.0 35.00 NOTE
r-release-macos-x86_64 3.0.0 49.00 NOTE
r-release-windows-x86_64 3.0.0 27.00 128.00 155.00 NOTE
r-oldrel-macos-arm64 3.0.0 41.00 NOTE
r-oldrel-macos-x86_64 3.0.0 67.00 NOTE
r-oldrel-windows-ix86+x86_64 3.0.0 19.00 120.00 139.00 NOTE

Check Details

Version: 3.0.0
Check: LazyData
Result: NOTE
     'LazyData' is specified without a 'data' directory
Flavors: r-devel-linux-x86_64-debian-clang, r-devel-linux-x86_64-debian-gcc, r-devel-linux-x86_64-fedora-clang, r-devel-linux-x86_64-fedora-gcc, r-devel-windows-x86_64, r-patched-linux-x86_64, r-release-linux-x86_64, r-release-macos-arm64, r-release-macos-x86_64, r-release-windows-x86_64, r-oldrel-macos-arm64, r-oldrel-macos-x86_64, r-oldrel-windows-ix86+x86_64