Last updated on 2023-02-05 07:57:37 CET.
Flavor | Version | Tinstall | Tcheck | Ttotal | Status | Flags |
---|---|---|---|---|---|---|
r-devel-linux-x86_64-debian-clang | 0.4.1 | 5.76 | 225.22 | 230.98 | OK | |
r-devel-linux-x86_64-debian-gcc | 0.4.1 | 3.94 | 146.32 | 150.26 | OK | |
r-devel-linux-x86_64-fedora-clang | 0.4.1 | 239.72 | NOTE | |||
r-devel-linux-x86_64-fedora-gcc | 0.4.1 | 279.53 | NOTE | |||
r-devel-windows-x86_64 | 0.4.1 | 29.00 | 237.00 | 266.00 | OK | |
r-patched-linux-x86_64 | 0.4.1 | 5.75 | 207.57 | 213.32 | OK | |
r-release-linux-x86_64 | 0.4.1 | 4.46 | 214.75 | 219.21 | OK | |
r-release-macos-arm64 | 0.4.1 | 67.00 | OK | |||
r-release-macos-x86_64 | 0.4.1 | 108.00 | NOTE | |||
r-release-windows-x86_64 | 0.4.1 | 25.00 | 242.00 | 267.00 | OK | |
r-oldrel-macos-arm64 | 0.4.1 | 69.00 | OK | |||
r-oldrel-macos-x86_64 | 0.4.1 | 115.00 | NOTE | |||
r-oldrel-windows-ix86+x86_64 | 0.4.1 | 10.00 | 272.00 | 282.00 | OK |
Version: 0.4.1
Check: data for non-ASCII characters
Result: NOTE
Note: found 12 marked UTF-8 strings
Flavors: r-devel-linux-x86_64-fedora-clang, r-devel-linux-x86_64-fedora-gcc, r-release-macos-x86_64, r-oldrel-macos-x86_64