Last updated on 2023-05-30 08:02:33 CEST.
Flavor | Version | Tinstall | Tcheck | Ttotal | Status | Flags |
---|---|---|---|---|---|---|
r-devel-linux-x86_64-debian-clang | 2.1.1 | 10.93 | 30.82 | 41.75 | NOTE | |
r-devel-linux-x86_64-debian-gcc | 2.1.1 | 12.62 | 24.56 | 37.18 | NOTE | |
r-devel-linux-x86_64-fedora-clang | 2.1.1 | 60.34 | NOTE | |||
r-devel-linux-x86_64-fedora-gcc | 2.1.1 | 71.38 | NOTE | |||
r-devel-windows-x86_64 | 2.1.1 | 63.00 | 4.00 | 67.00 | ERROR | |
r-patched-linux-x86_64 | 2.1.1 | 12.94 | 30.47 | 43.41 | NOTE | |
r-release-linux-x86_64 | 2.1.1 | 13.38 | 30.56 | 43.94 | NOTE | |
r-release-macos-arm64 | 2.1.1 | 50.00 | NOTE | |||
r-release-macos-x86_64 | 2.1.1 | 42.00 | NOTE | |||
r-release-windows-x86_64 | 2.1.1 | 20.00 | 80.00 | 100.00 | NOTE | |
r-oldrel-macos-arm64 | 2.1.1 | 27.00 | OK | |||
r-oldrel-macos-x86_64 | 2.1.1 | 83.00 | OK | |||
r-oldrel-windows-x86_64 | 2.1.1 | 19.00 | 83.00 | 102.00 | OK |
Version: 2.1.1
Check: C++ specification
Result: NOTE
Specified C++11: please drop specification unless essential
Flavors: r-devel-linux-x86_64-debian-clang, r-devel-linux-x86_64-debian-gcc, r-devel-linux-x86_64-fedora-clang, r-devel-linux-x86_64-fedora-gcc, r-patched-linux-x86_64, r-release-linux-x86_64, r-release-macos-arm64, r-release-macos-x86_64, r-release-windows-x86_64
Version: 2.1.1
Check: whether package can be installed
Result: ERROR
Installation failed.
Flavor: r-devel-windows-x86_64