CRAN Package Check Results for Package survstan

Last updated on 2024-02-27 07:55:02 CET.

Flavor Version Tinstall Tcheck Ttotal Status Flags
r-devel-linux-x86_64-debian-clang 0.0.6.1 211.98 273.01 484.99 NOTE
r-devel-linux-x86_64-debian-gcc 0.0.6.1 180.51 211.38 391.89 NOTE
r-devel-linux-x86_64-fedora-clang 0.0.6.1 595.03 NOTE
r-devel-linux-x86_64-fedora-gcc 0.0.6.1 695.83 NOTE
r-devel-windows-x86_64 0.0.6.1 157.00 236.00 393.00 NOTE
r-patched-linux-x86_64 0.0.6.1 167.89 276.78 444.67 NOTE
r-release-linux-x86_64 0.0.6.1 165.67 277.63 443.30 NOTE
r-release-macos-arm64 0.0.6.1 196.00 NOTE
r-release-macos-x86_64 0.0.6.1 409.00 NOTE
r-release-windows-x86_64 0.0.6.1 202.00 293.00 495.00 NOTE
r-oldrel-macos-arm64 0.0.6.1 170.00 NOTE
r-oldrel-windows-x86_64 0.0.6.1 188.00 282.00 470.00 NOTE

Check Details

Version: 0.0.6.1
Check: for GNU extensions in Makefiles
Result: NOTE GNU make is a SystemRequirements. Flavors: r-devel-linux-x86_64-debian-clang, r-devel-linux-x86_64-debian-gcc, r-devel-linux-x86_64-fedora-clang, r-devel-linux-x86_64-fedora-gcc, r-devel-windows-x86_64, r-patched-linux-x86_64, r-release-linux-x86_64, r-release-macos-arm64, r-release-macos-x86_64, r-release-windows-x86_64, r-oldrel-macos-arm64, r-oldrel-windows-x86_64

Version: 0.0.6.1
Check: dependencies in R code
Result: NOTE Namespaces in Imports field not imported from: ‘RcppParallel’ ‘rstantools’ All declared Imports should be used. Flavors: r-devel-linux-x86_64-fedora-clang, r-devel-linux-x86_64-fedora-gcc

Version: 0.0.6.1
Check: installed package size
Result: NOTE installed size is 54.8Mb sub-directories of 1Mb or more: libs 54.2Mb Flavors: r-release-macos-arm64, r-release-macos-x86_64, r-oldrel-macos-arm64