CRAN Package Check Results for Package survival

Last updated on 2022-11-29 06:51:00 CET.

Flavor Version Tinstall Tcheck Ttotal Status Flags
r-devel-linux-x86_64-debian-clang 3.4-0 68.62 658.85 727.47 WARN
r-devel-linux-x86_64-debian-gcc 3.4-0 55.83 494.15 549.98 WARN
r-devel-linux-x86_64-fedora-clang 3.4-0 911.89 WARN
r-devel-linux-x86_64-fedora-gcc 3.4-0 899.35 WARN
r-devel-windows-x86_64 3.4-0 268.00 826.00 1094.00 NOTE
r-patched-linux-x86_64 3.4-0 71.28 625.14 696.42 OK
r-release-linux-x86_64 3.4-0 57.99 596.67 654.66 OK
r-release-macos-arm64 3.4-0 267.00 NOTE
r-release-macos-x86_64 3.4-0 389.00 NOTE
r-release-windows-x86_64 3.4-0 290.00 840.00 1130.00 NOTE
r-oldrel-macos-arm64 3.4-0 250.00 NOTE
r-oldrel-macos-x86_64 3.4-0 386.00 NOTE
r-oldrel-windows-ix86+x86_64 3.4-0 152.00 910.00 1062.00 NOTE

Check Details

Version: 3.4-0
Check: whether package can be installed
Result: WARN
    Found the following significant warnings:
     agsurv3.c:66:21: warning: a function declaration without a prototype is deprecated in all versions of C [-Wstrict-prototypes]
     agsurv3.c:226:12: warning: passing arguments to 'addup' without a prototype is deprecated in all versions of C and is not supported in C2x [-Wdeprecated-non-prototype]
     agsurv3.c:230:12: warning: passing arguments to 'addup' without a prototype is deprecated in all versions of C and is not supported in C2x [-Wdeprecated-non-prototype]
     agsurv3.c:236:8: warning: passing arguments to 'addup' without a prototype is deprecated in all versions of C and is not supported in C2x [-Wdeprecated-non-prototype]
     agsurv3.c:249:9: warning: passing arguments to 'addup' without a prototype is deprecated in all versions of C and is not supported in C2x [-Wdeprecated-non-prototype]
     agsurv3.c:260:13: warning: a function definition without a prototype is deprecated in all versions of C and is not supported in C2x [-Wdeprecated-non-prototype]
     chinv3.c:58:6: warning: a function definition without a prototype is deprecated in all versions of C and is not supported in C2x [-Wdeprecated-non-prototype]
     cox_Rcallback.c:20:6: warning: a function definition without a prototype is deprecated in all versions of C and is not supported in C2x [-Wdeprecated-non-prototype]
     survreg6.c:67:20: warning: a function declaration without a prototype is deprecated in all versions of C [-Wstrict-prototypes]
     survreg6.c:165:23: warning: passing arguments to a function without a prototype is deprecated in all versions of C and is not supported in C2x [-Wdeprecated-non-prototype]
     survreg6.c:207:21: warning: passing arguments to a function without a prototype is deprecated in all versions of C and is not supported in C2x [-Wdeprecated-non-prototype]
     survreg6.c:257:19: warning: passing arguments to a function without a prototype is deprecated in all versions of C and is not supported in C2x [-Wdeprecated-non-prototype]
     survreg6.c:281:18: warning: passing arguments to a function without a prototype is deprecated in all versions of C and is not supported in C2x [-Wdeprecated-non-prototype]
     survreg7.c:76:20: warning: a function declaration without a prototype is deprecated in all versions of C [-Wstrict-prototypes]
     survreg7.c:244:23: warning: passing arguments to a function without a prototype is deprecated in all versions of C and is not supported in C2x [-Wdeprecated-non-prototype]
     survreg7.c:280:18: warning: passing arguments to a function without a prototype is deprecated in all versions of C and is not supported in C2x [-Wdeprecated-non-prototype]
     survreg7.c:345:16: warning: passing arguments to a function without a prototype is deprecated in all versions of C and is not supported in C2x [-Wdeprecated-non-prototype]
     survreg7.c:360:19: warning: passing arguments to a function without a prototype is deprecated in all versions of C and is not supported in C2x [-Wdeprecated-non-prototype]
     survreg7.c:391:19: warning: passing arguments to a function without a prototype is deprecated in all versions of C and is not supported in C2x [-Wdeprecated-non-prototype]
     survreg7.c:413:20: warning: passing arguments to a function without a prototype is deprecated in all versions of C and is not supported in C2x [-Wdeprecated-non-prototype]
     survregc1.c:51:23: warning: a function declaration without a prototype is deprecated in all versions of C [-Wstrict-prototypes]
     survregc1.c:134:13: warning: passing arguments to a function without a prototype is deprecated in all versions of C and is not supported in C2x [-Wdeprecated-non-prototype]
     survregc1.c:158:13: warning: passing arguments to a function without a prototype is deprecated in all versions of C and is not supported in C2x [-Wdeprecated-non-prototype]
     survregc1.c:177:13: warning: passing arguments to a function without a prototype is deprecated in all versions of C and is not supported in C2x [-Wdeprecated-non-prototype]
     survregc1.c:198:13: warning: passing arguments to a function without a prototype is deprecated in all versions of C and is not supported in C2x [-Wdeprecated-non-prototype]
     survregc1.c:199:13: warning: passing arguments to a function without a prototype is deprecated in all versions of C and is not supported in C2x [-Wdeprecated-non-prototype]
Flavors: r-devel-linux-x86_64-debian-clang, r-devel-linux-x86_64-fedora-clang

Version: 3.4-0
Check: whether package can be installed
Result: WARN
    Found the following significant warnings:
     agsurv3.c:66:1: warning: function declaration isn’t a prototype [-Wstrict-prototypes]
     agsurv3.c:260:13: warning: function declaration isn’t a prototype [-Wstrict-prototypes]
     chinv3.c:58:6: warning: function declaration isn’t a prototype [-Wstrict-prototypes]
     cox_Rcallback.c:20:6: warning: function declaration isn’t a prototype [-Wstrict-prototypes]
     survreg6.c:67:5: warning: function declaration isn’t a prototype [-Wstrict-prototypes]
     survreg7.c:76:5: warning: function declaration isn’t a prototype [-Wstrict-prototypes]
     survregc1.c:51:1: warning: function declaration isn’t a prototype [-Wstrict-prototypes]
Flavors: r-devel-linux-x86_64-debian-gcc, r-devel-linux-x86_64-fedora-gcc

Version: 3.4-0
Check: installed package size
Result: NOTE
     installed size is 7.5Mb
     sub-directories of 1Mb or more:
     R 1.2Mb
     data 1.9Mb
     doc 3.4Mb
Flavors: r-devel-linux-x86_64-fedora-clang, r-devel-windows-x86_64, r-release-macos-arm64, r-release-macos-x86_64, r-release-windows-x86_64, r-oldrel-macos-arm64, r-oldrel-macos-x86_64, r-oldrel-windows-ix86+x86_64