CRAN Package Check Results for Package survey

Last updated on 2022-12-04 07:55:22 CET.

Flavor Version Tinstall Tcheck Ttotal Status Flags
r-devel-linux-x86_64-debian-clang 4.1-1 32.27 382.29 414.56 NOTE
r-devel-linux-x86_64-debian-gcc 4.1-1 20.58 282.22 302.80 NOTE
r-devel-linux-x86_64-fedora-clang 4.1-1 538.80 NOTE
r-devel-linux-x86_64-fedora-gcc 4.1-1 484.46 NOTE
r-devel-windows-x86_64 4.1-1 117.00 461.00 578.00 NOTE
r-patched-linux-x86_64 4.1-1 29.19 355.50 384.69 OK
r-release-linux-x86_64 4.1-1 29.68 367.86 397.54 OK
r-release-macos-arm64 4.1-1 131.00 OK
r-release-macos-x86_64 4.1-1 188.00 OK
r-release-windows-x86_64 4.1-1 115.00 458.00 573.00 OK
r-oldrel-macos-arm64 4.1-1 123.00 OK
r-oldrel-macos-x86_64 4.1-1 183.00 OK
r-oldrel-windows-ix86+x86_64 4.1-1 49.00 395.00 444.00 OK

Check Details

Version: 4.1-1
Check: Rd files
Result: NOTE
    checkRd: (-1) estweights.Rd:42: Escaped LaTeX specials: \&
Flavors: r-devel-linux-x86_64-debian-clang, r-devel-linux-x86_64-debian-gcc, r-devel-linux-x86_64-fedora-clang, r-devel-linux-x86_64-fedora-gcc, r-devel-windows-x86_64