CRAN Package Check Results for Package surrosurvROC

Last updated on 2023-01-26 07:54:04 CET.

Flavor Version Tinstall Tcheck Ttotal Status Flags
r-devel-linux-x86_64-debian-clang 0.1.0 6.43 76.51 82.94 NOTE
r-devel-linux-x86_64-debian-gcc 0.1.0 5.75 57.04 62.79 NOTE
r-devel-linux-x86_64-fedora-clang 0.1.0 102.43 NOTE
r-devel-linux-x86_64-fedora-gcc 0.1.0 103.37 NOTE
r-patched-linux-x86_64 0.1.0 5.33 72.45 77.78 NOTE
r-release-linux-x86_64 0.1.0 6.90 73.29 80.19 NOTE
r-release-macos-arm64 0.1.0 32.00 NOTE
r-release-macos-x86_64 0.1.0 43.00 NOTE
r-release-windows-x86_64 0.1.0 12.00 97.00 109.00 NOTE
r-oldrel-macos-arm64 0.1.0 35.00 NOTE
r-oldrel-macos-x86_64 0.1.0 61.00 NOTE
r-oldrel-windows-ix86+x86_64 0.1.0 18.00 96.00 114.00 NOTE

Check Details

Version: 0.1.0
Check: LazyData
Result: NOTE
     'LazyData' is specified without a 'data' directory
Flavors: r-devel-linux-x86_64-debian-clang, r-devel-linux-x86_64-debian-gcc, r-devel-linux-x86_64-fedora-clang, r-devel-linux-x86_64-fedora-gcc, r-patched-linux-x86_64, r-release-linux-x86_64, r-release-macos-arm64, r-release-macos-x86_64, r-release-windows-x86_64, r-oldrel-macos-arm64, r-oldrel-macos-x86_64, r-oldrel-windows-ix86+x86_64