Last updated on 2023-01-26 07:54:04 CET.
Flavor | Version | Tinstall | Tcheck | Ttotal | Status | Flags |
---|---|---|---|---|---|---|
r-devel-linux-x86_64-debian-clang | 0.1.0-1 | 38.87 | 340.05 | 378.92 | OK | |
r-devel-linux-x86_64-debian-gcc | 0.1.0-1 | 30.73 | 217.03 | 247.76 | OK | |
r-devel-linux-x86_64-fedora-clang | 0.1.0-1 | 450.79 | NOTE | |||
r-devel-linux-x86_64-fedora-gcc | 0.1.0-1 | 451.30 | NOTE | |||
r-patched-linux-x86_64 | 0.1.0-1 | 30.04 | 315.03 | 345.07 | OK | |
r-release-linux-x86_64 | 0.1.0-1 | 28.88 | 312.34 | 341.22 | OK | |
r-release-macos-arm64 | 0.1.0-1 | 102.00 | NOTE | |||
r-release-macos-x86_64 | 0.1.0-1 | 150.00 | NOTE | |||
r-release-windows-x86_64 | 0.1.0-1 | 42.00 | 403.00 | 445.00 | OK | |
r-oldrel-macos-arm64 | 0.1.0-1 | 105.00 | NOTE | |||
r-oldrel-macos-x86_64 | 0.1.0-1 | 173.00 | NOTE | |||
r-oldrel-windows-ix86+x86_64 | 0.1.0-1 | 92.00 | 430.00 | 522.00 | OK |
Version: 0.1.0-1
Check: dependencies in R code
Result: NOTE
Namespaces in Imports field not imported from:
‘doParallel’ ‘pROC’
All declared Imports should be used.
Flavors: r-devel-linux-x86_64-fedora-clang, r-devel-linux-x86_64-fedora-gcc, r-release-macos-arm64, r-release-macos-x86_64, r-oldrel-macos-arm64, r-oldrel-macos-x86_64