Last updated on 2023-06-01 07:57:14 CEST.
Flavor | Version | Tinstall | Tcheck | Ttotal | Status | Flags |
---|---|---|---|---|---|---|
r-devel-linux-x86_64-debian-clang | 0.2.0 | 6.38 | 52.49 | 58.87 | OK | |
r-devel-linux-x86_64-debian-gcc | 0.2.0 | 4.97 | 39.81 | 44.78 | OK | |
r-devel-linux-x86_64-fedora-clang | 0.2.0 | 73.54 | NOTE | |||
r-devel-linux-x86_64-fedora-gcc | 0.2.0 | 72.05 | OK | |||
r-devel-windows-x86_64 | 0.2.0 | 7.00 | 59.00 | 66.00 | OK | |
r-patched-linux-x86_64 | 0.2.0 | OK | ||||
r-release-linux-x86_64 | 0.2.0 | 4.99 | 49.43 | 54.42 | OK | |
r-release-macos-arm64 | 0.2.0 | 25.00 | OK | |||
r-release-macos-x86_64 | 0.2.0 | 38.00 | OK | |||
r-release-windows-x86_64 | 0.2.0 | 9.00 | 66.00 | 75.00 | OK | |
r-oldrel-macos-arm64 | 0.2.0 | 26.00 | OK | |||
r-oldrel-macos-x86_64 | 0.2.0 | 48.00 | OK | |||
r-oldrel-windows-x86_64 | 0.2.0 | 8.00 | 71.00 | 79.00 | OK |
Version: 0.2.0
Check: Rd cross-references
Result: NOTE
Undeclared package ‘truncdist’ in Rd xrefs
Flavor: r-devel-linux-x86_64-fedora-clang