CRAN Package Check Results for Package supernova

Last updated on 2024-02-23 07:52:22 CET.

Flavor Version Tinstall Tcheck Ttotal Status Flags
r-devel-linux-x86_64-debian-clang 3.0.0 OK
r-devel-linux-x86_64-debian-gcc 3.0.0 4.09 75.26 79.35 OK
r-devel-linux-x86_64-fedora-clang 3.0.0 127.04 OK
r-devel-linux-x86_64-fedora-gcc 3.0.0 140.10 NOTE
r-devel-windows-x86_64 3.0.0 7.00 95.00 102.00 OK
r-patched-linux-x86_64 3.0.0 10.76 97.68 108.44 OK
r-release-linux-x86_64 3.0.0 5.90 96.31 102.21 OK
r-release-macos-arm64 3.0.0 55.00 OK
r-release-macos-x86_64 3.0.0 89.00 OK
r-release-windows-x86_64 3.0.0 8.00 115.00 123.00 OK
r-oldrel-macos-arm64 3.0.0 60.00 OK
r-oldrel-windows-x86_64 3.0.0 9.00 121.00 130.00 OK

Check Details

Version: 3.0.0
Check: for non-standard things in the check directory
Result: NOTE Found the following files/directories: ‘JMRData’ Flavor: r-devel-linux-x86_64-fedora-gcc