CRAN Package Check Results for Package suddengains

Last updated on 2023-06-01 07:57:14 CEST.

Flavor Version Tinstall Tcheck Ttotal Status Flags
r-devel-linux-x86_64-debian-clang 0.7.2 8.00 127.08 135.08 OK
r-devel-linux-x86_64-debian-gcc 0.7.2 6.32 96.40 102.72 OK
r-devel-linux-x86_64-fedora-clang 0.7.2 166.71 NOTE
r-devel-linux-x86_64-fedora-gcc 0.7.2 169.52 NOTE
r-devel-windows-x86_64 0.7.2 8.00 103.00 111.00 OK
r-patched-linux-x86_64 0.7.2 OK
r-release-linux-x86_64 0.7.2 5.20 120.60 125.80 OK
r-release-macos-arm64 0.7.2 60.00 OK
r-release-macos-x86_64 0.7.2 94.00 OK
r-release-windows-x86_64 0.7.2 11.00 137.00 148.00 OK
r-oldrel-macos-arm64 0.7.2 40.00 OK
r-oldrel-macos-x86_64 0.7.2 75.00 OK
r-oldrel-windows-x86_64 0.7.2 11.00 136.00 147.00 OK

Check Details

Version: 0.7.2
Check: dependencies in R code
Result: NOTE
    Namespace in Imports field not imported from: ‘cli’
     All declared Imports should be used.
Flavors: r-devel-linux-x86_64-fedora-clang, r-devel-linux-x86_64-fedora-gcc