CRAN Package Check Results for Package stringfish

Last updated on 2023-01-29 08:57:15 CET.

Flavor Version Tinstall Tcheck Ttotal Status Flags
r-devel-linux-x86_64-debian-clang 0.15.7 25.35 146.13 171.48 NOTE
r-devel-linux-x86_64-debian-gcc 0.15.7 20.56 107.73 128.29 NOTE
r-devel-linux-x86_64-fedora-clang 0.15.7 218.34 NOTE
r-devel-linux-x86_64-fedora-gcc 0.15.7 235.53 NOTE
r-devel-windows-x86_64 0.15.7 101.00 214.00 315.00 NOTE
r-patched-linux-x86_64 0.15.7 21.32 139.54 160.86 NOTE
r-release-linux-x86_64 0.15.7 22.92 140.40 163.32 NOTE
r-release-macos-arm64 0.15.7 62.00 NOTE
r-release-macos-x86_64 0.15.7 92.00 NOTE
r-release-windows-x86_64 0.15.7 100.00 215.00 315.00 NOTE
r-oldrel-macos-arm64 0.15.7 58.00 NOTE
r-oldrel-macos-x86_64 0.15.7 88.00 NOTE
r-oldrel-windows-ix86+x86_64 0.15.7 148.00 368.00 516.00 NOTE

Check Details

Version: 0.15.7
Check: for GNU extensions in Makefiles
Result: NOTE
    GNU make is a SystemRequirements.
Flavors: r-devel-linux-x86_64-debian-clang, r-devel-linux-x86_64-debian-gcc, r-devel-linux-x86_64-fedora-clang, r-devel-linux-x86_64-fedora-gcc, r-devel-windows-x86_64, r-patched-linux-x86_64, r-release-linux-x86_64, r-release-macos-arm64, r-release-macos-x86_64, r-release-windows-x86_64, r-oldrel-macos-arm64, r-oldrel-macos-x86_64, r-oldrel-windows-ix86+x86_64

Version: 0.15.7
Check: C++ specification
Result: NOTE
     Specified C++11: please update to current default of C++17
Flavors: r-devel-linux-x86_64-debian-gcc, r-devel-linux-x86_64-fedora-clang, r-devel-linux-x86_64-fedora-gcc, r-devel-windows-x86_64