Last updated on 2023-01-28 08:00:48 CET.
Flavor | Version | Tinstall | Tcheck | Ttotal | Status | Flags |
---|---|---|---|---|---|---|
r-devel-linux-x86_64-debian-clang | 0.1.2 | 139.13 | 24.24 | 163.37 | OK | |
r-devel-linux-x86_64-debian-gcc | 0.1.3 | 111.32 | 18.44 | 129.76 | OK | |
r-devel-linux-x86_64-fedora-clang | 0.1.3 | 202.20 | NOTE | |||
r-devel-linux-x86_64-fedora-gcc | 0.1.3 | 192.79 | NOTE | |||
r-devel-windows-x86_64 | 0.1.3 | 197.00 | 61.00 | 258.00 | OK | |
r-patched-linux-x86_64 | 0.1.3 | 146.08 | 24.08 | 170.16 | OK | |
r-release-linux-x86_64 | 0.1.3 | 147.89 | 23.72 | 171.61 | OK | |
r-release-macos-arm64 | 0.1.3 | 42.00 | OK | |||
r-release-macos-x86_64 | 0.1.3 | 54.00 | OK | |||
r-release-windows-x86_64 | 0.1.3 | 161.00 | 60.00 | 221.00 | OK | |
r-oldrel-macos-arm64 | 0.1.0 | 28.00 | NOTE | |||
r-oldrel-macos-x86_64 | 0.1.0 | 33.00 | NOTE | |||
r-oldrel-windows-ix86+x86_64 | 0.1.0 | 15.00 | 9.00 | 24.00 | ERROR |
Version: 0.1.3
Check: dependencies in R code
Result: NOTE
Namespace in Imports field not imported from: ‘tibble’
All declared Imports should be used.
Flavors: r-devel-linux-x86_64-fedora-clang, r-devel-linux-x86_64-fedora-gcc
Version: 0.1.0
Check: installed package size
Result: NOTE
installed size is 7.8Mb
sub-directories of 1Mb or more:
libs 7.5Mb
Flavors: r-oldrel-macos-arm64, r-oldrel-macos-x86_64
Version: 0.1.0
Check: dependencies in R code
Result: NOTE
Namespace in Imports field not imported from: ‘tibble’
All declared Imports should be used.
Flavors: r-oldrel-macos-arm64, r-oldrel-macos-x86_64
Version: 0.1.0
Check: whether package can be installed
Result: ERROR
Installation failed.
Flavor: r-oldrel-windows-ix86+x86_64