Last updated on 2023-01-29 08:57:15 CET.
Flavor | Version | Tinstall | Tcheck | Ttotal | Status | Flags |
---|---|---|---|---|---|---|
r-devel-linux-x86_64-debian-clang | 1.3 | 17.16 | 110.06 | 127.22 | OK | |
r-devel-linux-x86_64-debian-gcc | 1.3 | 13.93 | 81.34 | 95.27 | NOTE | |
r-devel-linux-x86_64-fedora-clang | 1.3 | 170.63 | NOTE | |||
r-devel-linux-x86_64-fedora-gcc | 1.3 | 175.70 | NOTE | |||
r-devel-windows-x86_64 | 1.3 | 29.00 | 178.00 | 207.00 | NOTE | |
r-patched-linux-x86_64 | 1.3 | 14.78 | 104.27 | 119.05 | OK | |
r-release-linux-x86_64 | 1.3 | 13.96 | 108.62 | 122.58 | OK | |
r-release-macos-arm64 | 1.3 | 46.00 | OK | |||
r-release-macos-x86_64 | 1.3 | 62.00 | OK | |||
r-release-windows-x86_64 | 1.3 | 27.00 | 184.00 | 211.00 | OK | |
r-oldrel-macos-arm64 | 1.3 | 45.00 | OK | |||
r-oldrel-macos-x86_64 | 1.3 | 68.00 | OK | |||
r-oldrel-windows-ix86+x86_64 | 1.3 | 47.00 | 189.00 | 236.00 | OK |
Version: 1.3
Check: C++ specification
Result: NOTE
Specified C++11: please update to current default of C++17
Flavors: r-devel-linux-x86_64-debian-gcc, r-devel-linux-x86_64-fedora-clang, r-devel-linux-x86_64-fedora-gcc, r-devel-windows-x86_64