Last updated on 2025-01-19 08:49:19 CET.
Flavor | Version | Tinstall | Tcheck | Ttotal | Status | Flags |
---|---|---|---|---|---|---|
r-devel-linux-x86_64-debian-clang | 1.5-9 | 13.10 | 170.21 | 183.31 | OK | |
r-devel-linux-x86_64-debian-gcc | 1.5-9 | 9.42 | 124.10 | 133.52 | OK | |
r-devel-linux-x86_64-fedora-clang | 1.5-9 | 305.92 | OK | |||
r-devel-linux-x86_64-fedora-gcc | 1.5-9 | 304.61 | OK | |||
r-devel-windows-x86_64 | 1.5-9 | 13.00 | 149.00 | 162.00 | OK | |
r-patched-linux-x86_64 | 1.5-9 | 14.44 | 160.77 | 175.21 | OK | |
r-release-linux-x86_64 | 1.5-9 | 11.46 | 161.51 | 172.97 | OK | |
r-release-macos-arm64 | 1.5-9 | 107.00 | OK | |||
r-release-macos-x86_64 | 1.5-9 | 13.00 | ERROR | |||
r-release-windows-x86_64 | 1.5-9 | 14.00 | 149.00 | 163.00 | OK | |
r-oldrel-macos-arm64 | 1.5-9 | 81.00 | OK | |||
r-oldrel-macos-x86_64 | 1.5-9 | 13.00 | ERROR | |||
r-oldrel-windows-x86_64 | 1.5-9 | 13.00 | 158.00 | 171.00 | OK |
Version: 1.5-9
Check: whether package can be installed
Result: ERROR
Installation failed.
Flavors: r-release-macos-x86_64, r-oldrel-macos-x86_64