CRAN Package Check Results for Package strategicplayers

Last updated on 2023-03-28 07:53:16 CEST.

Flavor Version Tinstall Tcheck Ttotal Status Flags
r-devel-linux-x86_64-debian-clang 1.0 2.23 23.66 25.89 OK
r-devel-linux-x86_64-debian-gcc 1.0 1.70 18.32 20.02 OK
r-devel-linux-x86_64-fedora-clang 1.0 32.47 NOTE
r-devel-linux-x86_64-fedora-gcc 1.0 30.75 NOTE
r-patched-linux-x86_64 1.0 1.90 22.91 24.81 OK
r-release-linux-x86_64 1.0 2.03 23.65 25.68 OK
r-release-macos-arm64 1.0 14.00 NOTE
r-release-macos-x86_64 1.0 23.00 NOTE
r-release-windows-x86_64 1.0 19.00 51.00 70.00 OK
r-oldrel-macos-arm64 1.0 22.00 NOTE
r-oldrel-macos-x86_64 1.0 26.00 NOTE
r-oldrel-windows-ix86+x86_64 1.0 4.00 49.00 53.00 OK

Check Details

Version: 1.0
Check: dependencies in R code
Result: NOTE
    Namespace in Imports field not imported from: ‘sna’
     All declared Imports should be used.
Flavors: r-devel-linux-x86_64-fedora-clang, r-devel-linux-x86_64-fedora-gcc, r-release-macos-arm64, r-release-macos-x86_64, r-oldrel-macos-arm64, r-oldrel-macos-x86_64