Last updated on 2023-02-02 07:53:12 CET.
Flavor | Version | Tinstall | Tcheck | Ttotal | Status | Flags |
---|---|---|---|---|---|---|
r-devel-linux-x86_64-debian-clang | 0.2.0 | 23.97 | 177.43 | 201.40 | OK | |
r-devel-linux-x86_64-debian-gcc | 0.2.0 | 21.29 | 136.41 | 157.70 | OK | |
r-devel-linux-x86_64-fedora-clang | 0.2.0 | 248.35 | NOTE | |||
r-devel-linux-x86_64-fedora-gcc | 0.2.0 | 280.00 | OK | |||
r-patched-linux-x86_64 | 0.2.0 | 28.65 | 182.91 | 211.56 | OK | |
r-release-linux-x86_64 | 0.2.0 | 27.01 | 178.39 | 205.40 | OK | |
r-release-macos-arm64 | 0.2.0 | 85.00 | NOTE | |||
r-release-macos-x86_64 | 0.2.0 | 138.00 | NOTE | |||
r-release-windows-x86_64 | 0.2.0 | 107.00 | 144.00 | 251.00 | NOTE | |
r-oldrel-macos-arm64 | 0.2.0 | 124.00 | NOTE | |||
r-oldrel-macos-x86_64 | 0.2.0 | 99.00 | NOTE | |||
r-oldrel-windows-ix86+x86_64 | 0.2.0 | 119.00 | 157.00 | 276.00 | NOTE |
Version: 0.2.0
Check: installed package size
Result: NOTE
installed size is 12.8Mb
sub-directories of 1Mb or more:
libs 11.2Mb
Flavors: r-devel-linux-x86_64-fedora-clang, r-release-macos-arm64, r-release-macos-x86_64, r-release-windows-x86_64, r-oldrel-macos-arm64, r-oldrel-macos-x86_64, r-oldrel-windows-ix86+x86_64