Last updated on 2023-04-02 07:55:30 CEST.
Flavor | Version | Tinstall | Tcheck | Ttotal | Status | Flags |
---|---|---|---|---|---|---|
r-devel-linux-x86_64-debian-clang | 1.1.2 | 17.93 | 157.34 | 175.27 | OK | |
r-devel-linux-x86_64-debian-gcc | 1.1.2 | 14.33 | 116.60 | 130.93 | OK | |
r-devel-linux-x86_64-fedora-clang | 1.1.2 | 215.60 | NOTE | |||
r-devel-linux-x86_64-fedora-gcc | 1.1.2 | 224.87 | OK | |||
r-patched-linux-x86_64 | 1.1.2 | 16.07 | 151.09 | 167.16 | OK | |
r-release-linux-x86_64 | 1.1.2 | 12.49 | 152.04 | 164.53 | OK | |
r-release-macos-arm64 | 1.1.2 | 62.00 | NOTE | |||
r-release-macos-x86_64 | 1.1.2 | 84.00 | NOTE | |||
r-release-windows-x86_64 | 1.1.2 | 43.00 | 206.00 | 249.00 | NOTE | |
r-oldrel-macos-arm64 | 1.1.2 | 56.00 | NOTE | |||
r-oldrel-macos-x86_64 | 1.1.2 | 83.00 | NOTE | |||
r-oldrel-windows-ix86+x86_64 | 1.1.2 | 32.00 | 190.00 | 222.00 | NOTE |
Version: 1.1.2
Check: installed package size
Result: NOTE
installed size is 6.8Mb
sub-directories of 1Mb or more:
data 6.3Mb
Flavors: r-devel-linux-x86_64-fedora-clang, r-release-macos-arm64, r-release-macos-x86_64, r-release-windows-x86_64, r-oldrel-macos-arm64, r-oldrel-macos-x86_64, r-oldrel-windows-ix86+x86_64