Last updated on 2023-01-28 08:00:48 CET.
Flavor | Version | Tinstall | Tcheck | Ttotal | Status | Flags |
---|---|---|---|---|---|---|
r-devel-linux-x86_64-debian-clang | 0.5.1 | 34.20 | 42.52 | 76.72 | NOTE | |
r-devel-linux-x86_64-debian-gcc | 0.5.1 | 26.27 | 32.58 | 58.85 | NOTE | |
r-devel-linux-x86_64-fedora-clang | 0.5.1 | 108.55 | NOTE | |||
r-devel-linux-x86_64-fedora-gcc | 0.5.1 | 97.63 | NOTE | |||
r-patched-linux-x86_64 | 0.5.1 | 27.66 | 40.71 | 68.37 | NOTE | |
r-release-linux-x86_64 | 0.5.1 | 24.25 | 41.44 | 65.69 | NOTE | |
r-release-macos-arm64 | 0.5.1 | 28.00 | NOTE | |||
r-release-macos-x86_64 | 0.5.1 | 43.00 | NOTE | |||
r-release-windows-x86_64 | 0.5.1 | 41.00 | 90.00 | 131.00 | NOTE | |
r-oldrel-macos-arm64 | 0.5.1 | 31.00 | NOTE | |||
r-oldrel-macos-x86_64 | 0.5.1 | 56.00 | NOTE | |||
r-oldrel-windows-ix86+x86_64 | 0.5.1 | 80.00 | 93.00 | 173.00 | NOTE |
Version: 0.5.1
Check: LazyData
Result: NOTE
'LazyData' is specified without a 'data' directory
Flavors: r-devel-linux-x86_64-debian-clang, r-devel-linux-x86_64-debian-gcc, r-devel-linux-x86_64-fedora-clang, r-devel-linux-x86_64-fedora-gcc, r-patched-linux-x86_64, r-release-linux-x86_64, r-release-macos-arm64, r-release-macos-x86_64, r-release-windows-x86_64, r-oldrel-macos-arm64, r-oldrel-macos-x86_64, r-oldrel-windows-ix86+x86_64
Version: 0.5.1
Check: compiled code
Result: NOTE
File ‘stlplus/libs/stlplus.so’:
Found no calls to: ‘R_registerRoutines’, ‘R_useDynamicSymbols’
It is good practice to register native routines and to disable symbol
search.
See ‘Writing portable packages’ in the ‘Writing R Extensions’ manual.
Flavors: r-devel-linux-x86_64-fedora-clang, r-devel-linux-x86_64-fedora-gcc