Last updated on 2023-01-28 08:00:48 CET.
Flavor | Version | Tinstall | Tcheck | Ttotal | Status | Flags |
---|---|---|---|---|---|---|
r-devel-linux-x86_64-debian-clang | 1.0.3 | 82.88 | 39.74 | 122.62 | OK | |
r-devel-linux-x86_64-debian-gcc | 1.0.3 | 68.42 | 28.27 | 96.69 | NOTE | |
r-devel-linux-x86_64-fedora-clang | 1.0.3 | 184.88 | NOTE | |||
r-devel-linux-x86_64-fedora-gcc | 1.0.3 | 177.52 | NOTE | |||
r-patched-linux-x86_64 | 1.0.3 | 74.01 | 38.46 | 112.47 | OK | |
r-release-linux-x86_64 | 1.0.3 | 72.21 | 39.55 | 111.76 | OK | |
r-release-macos-arm64 | 1.0.3 | 51.00 | OK | |||
r-release-macos-x86_64 | 1.0.3 | 63.00 | OK | |||
r-release-windows-x86_64 | 1.0.3 | 76.00 | 85.00 | 161.00 | OK | |
r-oldrel-macos-arm64 | 1.0.3 | 51.00 | OK | |||
r-oldrel-macos-x86_64 | 1.0.3 | 65.00 | OK | |||
r-oldrel-windows-ix86+x86_64 | 1.0.3 | 206.00 | 101.00 | 307.00 | OK |
Version: 1.0.3
Check: C++ specification
Result: NOTE
Specified C++11: please update to current default of C++17
Flavors: r-devel-linux-x86_64-debian-gcc, r-devel-linux-x86_64-fedora-clang, r-devel-linux-x86_64-fedora-gcc