Last updated on 2023-01-27 07:50:45 CET.
Flavor | Version | Tinstall | Tcheck | Ttotal | Status | Flags |
---|---|---|---|---|---|---|
r-devel-linux-x86_64-debian-clang | 0.2 | 2.62 | 31.23 | 33.85 | NOTE | |
r-devel-linux-x86_64-debian-gcc | 0.2 | 2.73 | 24.15 | 26.88 | NOTE | |
r-devel-linux-x86_64-fedora-clang | 0.2 | 42.81 | NOTE | |||
r-devel-linux-x86_64-fedora-gcc | 0.2 | 44.07 | NOTE | |||
r-patched-linux-x86_64 | 0.2 | 2.32 | 30.73 | 33.05 | NOTE | |
r-release-linux-x86_64 | 0.2 | 2.41 | 30.99 | 33.40 | NOTE | |
r-release-macos-arm64 | 0.2 | 17.00 | NOTE | |||
r-release-macos-x86_64 | 0.2 | 27.00 | NOTE | |||
r-release-windows-x86_64 | 0.2 | 18.00 | 56.00 | 74.00 | NOTE | |
r-oldrel-macos-arm64 | 0.2 | 18.00 | NOTE | |||
r-oldrel-macos-x86_64 | 0.2 | 31.00 | NOTE | |||
r-oldrel-windows-ix86+x86_64 | 0.2 | 9.00 | 60.00 | 69.00 | NOTE |
Version: 0.2
Check: LazyData
Result: NOTE
'LazyData' is specified without a 'data' directory
Flavors: r-devel-linux-x86_64-debian-clang, r-devel-linux-x86_64-debian-gcc, r-devel-linux-x86_64-fedora-clang, r-devel-linux-x86_64-fedora-gcc, r-patched-linux-x86_64, r-release-linux-x86_64, r-release-macos-arm64, r-release-macos-x86_64, r-release-windows-x86_64, r-oldrel-macos-arm64, r-oldrel-macos-x86_64, r-oldrel-windows-ix86+x86_64