Last updated on 2023-02-06 06:52:11 CET.
Flavor | Version | Tinstall | Tcheck | Ttotal | Status | Flags |
---|---|---|---|---|---|---|
r-devel-linux-x86_64-debian-clang | 0.6.9 | 7.97 | 106.78 | 114.75 | OK | |
r-devel-linux-x86_64-debian-gcc | 0.6.9 | 5.29 | 75.85 | 81.14 | OK | |
r-devel-linux-x86_64-fedora-clang | 0.6.9 | 135.36 | OK | |||
r-devel-linux-x86_64-fedora-gcc | 0.6.9 | 142.66 | OK | |||
r-devel-windows-x86_64 | 0.6.9 | 47.00 | 143.00 | 190.00 | OK | |
r-patched-linux-x86_64 | 0.6.9 | 7.11 | 95.90 | 103.01 | OK | |
r-release-linux-x86_64 | 0.6.9 | 4.41 | 100.16 | 104.57 | OK | |
r-release-macos-arm64 | 0.6.9 | 37.00 | OK | |||
r-release-macos-x86_64 | 0.6.9 | 53.00 | OK | |||
r-release-windows-x86_64 | 0.6.9 | 28.00 | 137.00 | 165.00 | OK | |
r-oldrel-macos-arm64 | 0.6.9 | 47.00 | WARN | |||
r-oldrel-macos-x86_64 | 0.6.9 | 59.00 | WARN | |||
r-oldrel-windows-ix86+x86_64 | 0.6.9 | 12.00 | 131.00 | 143.00 | WARN |
Version: 0.6.9
Check: for code/documentation mismatches
Result: WARN
Data codoc mismatches from documentation object 'SLCS':
Variables in data frame 'SLCS'
Code: SLCS_1 SLCS_10 SLCS_11 SLCS_12 SLCS_13 SLCS_14 SLCS_15 SLCS_16
SLCS_2 SLCS_3 SLCS_4 SLCS_5 SLCS_6 SLCS_7 SLCS_8 SLCS_9 age sex
user_id
Docs: SLCS_11 SLCS_1 SLCS_10 SLCS_12 SLCS_13 SLCS_14 SLCS_15 SLCS_16
SLCS_2 SLCS_3 SLCS_4 SLCS_5 SLCS_6 SLCS_7 SLCS_8 SLCS_9 age sex
user_id
Flavors: r-oldrel-macos-arm64, r-oldrel-macos-x86_64, r-oldrel-windows-ix86+x86_64